{"id":21914,"date":"2025-05-07T08:31:10","date_gmt":"2025-05-07T08:31:10","guid":{"rendered":"https:\/\/ines-co.com\/?page_id=21914"},"modified":"2026-04-07T13:50:52","modified_gmt":"2026-04-07T13:50:52","slug":"dentisterie-esthetique","status":"publish","type":"page","link":"https:\/\/ines-co.com\/?page_id=21914","title":{"rendered":"Dentisterie Esth\u00e9tique"},"content":{"rendered":"<div class=\"wpb-content-wrapper\"><p>[vc_row][vc_column width=&#8221;1\/4&#8243;]<div id=\"1744293887292-61febcd9-ef9a\" class=\"dt-sc-empty-space\"><\/div><div id=\"1744293867661-3150727c-8fa9\" class=\"dt-sc-empty-space\"><\/div><div id=\"1744294995996-4d7f99ee-99d6\" class=\"dt-sc-empty-space\"><\/div>[vc_custom_heading text=&#8221;Dentisterie Esth\u00e9tique&#8221; font_container=&#8221;tag:p|font_size:20|text_align:justify&#8221; use_theme_fonts=&#8221;yes&#8221; css=&#8221;&#8221;]<div id=\"1744295011070-67885103-b5c8\" class=\"dt-sc-empty-space\"><\/div><div id=\"dt-1744295003964-710f20a8-0be7\" class=\"dt-custom-nav-wrapper none inline-vertical\" data-delay=\"0\" data-default-style = \"none\" data-hover-style = \"none\" data-default-decoration = \"overline\" data-hover-decoration = \"none\"><div class=\"menu-dentisterie-esthetique-container\"><ul id=\"menu-dentisterie-esthetique\" class=\"custom-sub-nav dt-custom-nav\"><li id=\"menu-item-21582\" class=\"menu-item menu-item-type-post_type menu-item-object-page menu-item-21582\"><a href=\"https:\/\/ines-co.com\/?page_id=21579\" class=\"item-has-icon icon-position-left\"><i class=\"menu-item-icon\"><\/i><span>Facettes Dentaires<\/span><\/a><\/li>\n<li id=\"menu-item-21591\" class=\"menu-item menu-item-type-post_type menu-item-object-page menu-item-21591\"><a href=\"https:\/\/ines-co.com\/?page_id=21584\" class=\"item-has-icon icon-position-left\"><i class=\"menu-item-icon\"><\/i><span>Implant Dentaire<\/span><\/a><\/li>\n<li id=\"menu-item-21590\" class=\"menu-item menu-item-type-post_type menu-item-object-page menu-item-21590\"><a href=\"https:\/\/ines-co.com\/?page_id=21587\" class=\"item-has-icon icon-position-left\"><i class=\"menu-item-icon\"><\/i><span>Couronne Dentaire<\/span><\/a><\/li>\n<li id=\"menu-item-21621\" class=\"menu-item menu-item-type-post_type menu-item-object-page menu-item-21621\"><a href=\"https:\/\/ines-co.com\/?page_id=21600\" class=\"item-has-icon icon-position-left\"><i class=\"menu-item-icon\"><\/i><span>Blanchiment Dentaire<\/span><\/a><\/li>\n<li id=\"menu-item-21620\" class=\"menu-item menu-item-type-post_type menu-item-object-page menu-item-21620\"><a href=\"https:\/\/ines-co.com\/?page_id=21603\" class=\"item-has-icon icon-position-left\"><i class=\"menu-item-icon\"><\/i><span>R\u00e9duction du sourire gingival<\/span><\/a><\/li>\n<li id=\"menu-item-21619\" class=\"menu-item menu-item-type-post_type menu-item-object-page menu-item-21619\"><a href=\"https:\/\/ines-co.com\/?page_id=21606\" class=\"item-has-icon icon-position-left\"><i class=\"menu-item-icon\"><\/i><span>La d\u00e9pigmentation gingivale<\/span><\/a><\/li>\n<li id=\"menu-item-21618\" class=\"menu-item menu-item-type-post_type menu-item-object-page menu-item-21618\"><a href=\"https:\/\/ines-co.com\/?page_id=21609\" class=\"item-has-icon icon-position-left\"><i class=\"menu-item-icon\"><\/i><span>D\u00e9pigmentation gingivale maximale<\/span><\/a><\/li>\n<li id=\"menu-item-21617\" class=\"menu-item menu-item-type-post_type menu-item-object-page menu-item-21617\"><a href=\"https:\/\/ines-co.com\/?page_id=21612\" class=\"item-has-icon icon-position-left\"><i class=\"menu-item-icon\"><\/i><span>Le Curetage Parodontal<\/span><\/a><\/li>\n<\/ul><\/div><\/div>[\/vc_column][vc_column width=&#8221;3\/4&#8243;][vc_row_inner][vc_column_inner width=&#8221;1\/2&#8243; css=&#8221;.vc_custom_1744295121360{margin-left: 2px !important;}&#8221;]<div id=\"1744292906275-33a265b0-3851\" class=\"dt-sc-empty-space\"><\/div>[vc_column_text css=&#8221;&#8221;]<\/p>\n<p class=\"ds-markdown-paragraph\">La\u00a0<strong>dentisterie esth\u00e9tique<\/strong>\u00a0est une branche de la\u00a0<strong>dentisterie esth\u00e9tique Tunisie<\/strong>\u00a0visant \u00e0 am\u00e9liorer l\u2019apparence du sourire tout en pr\u00e9servant la sant\u00e9 bucco-dentaire. Chez INESCO Care, nous proposons des\u00a0<strong>soins dentaires esth\u00e9tiques<\/strong>\u00a0modernes et peu invasifs pour\u00a0<strong>corriger les dents jaunes<\/strong>,\u00a0<strong>am\u00e9liorer l\u2019alignement dentaire<\/strong>\u00a0et offrir un\u00a0<strong>sourire esth\u00e9tique<\/strong>\u00a0naturel et harmonieux. Nos\u00a0<strong>traitements esth\u00e9tiques dentaires<\/strong>\u00a0incluent le\u00a0<strong>blanchiment dentaire<\/strong>, les\u00a0<strong>facettes en c\u00e9ramique<\/strong>, les\u00a0<strong>couronnes dentaires<\/strong>, les\u00a0<strong>implants dentaires<\/strong>, la\u00a0<strong>r\u00e9duction du sourire gingival<\/strong>\u00a0et la\u00a0<strong>d\u00e9pigmentation gingivale<\/strong>.<\/p>\n<p>[\/vc_column_text][vc_column_text css=&#8221;&#8221;]<\/p>\n<h4><strong>Qu\u2019est-ce que la dentisterie esth\u00e9tique ?<\/strong><\/h4>\n<p>[\/vc_column_text][vc_column_text css=&#8221;&#8221;]<\/p>\n<p class=\"ds-markdown-paragraph\">La\u00a0<strong>dentisterie esth\u00e9tique<\/strong>\u00a0regroupe l\u2019ensemble des\u00a0<strong>soins dentaires esth\u00e9tiques<\/strong>\u00a0visant \u00e0 :<\/p>\n<ul>\n<li class=\"ds-markdown-paragraph\"><strong>Am\u00e9liorer l\u2019apparence du sourire<\/strong><\/li>\n<li class=\"ds-markdown-paragraph\"><strong>Corriger la teinte, la forme et l\u2019alignement des dents<\/strong><\/li>\n<li class=\"ds-markdown-paragraph\"><strong>Restaurer des dents us\u00e9es ou ab\u00eem\u00e9es<\/strong><\/li>\n<li class=\"ds-markdown-paragraph\"><strong>Harmoniser les gencives et les dents<\/strong>\u00a0pour un r\u00e9sultat naturel<\/li>\n<\/ul>\n<p class=\"ds-markdown-paragraph\">Il s\u2019agit d\u2019une\u00a0<strong>dentisterie peu invasive<\/strong>\u00a0ax\u00e9e sur l\u2019esth\u00e9tique et la pr\u00e9servation des tissus dentaires.<\/p>\n<p>[\/vc_column_text]<div id=\"1744284640139-6fd5764f-ac25\" class=\"dt-sc-empty-space\"><\/div>[\/vc_column_inner][vc_column_inner width=&#8221;1\/2&#8243;]<div id=\"1744292901684-134d992c-3b1f\" class=\"dt-sc-empty-space\"><\/div>[vc_single_image image=&#8221;22152&#8243; img_size=&#8221;full&#8221; css=&#8221;&#8221; el_class=&#8221;custom-img-border&#8221;][vc_column_text css=&#8221;&#8221;]<\/p>\n<h4><strong>Nos traitements esth\u00e9tiques dentaires :<\/strong><\/h4>\n<p>[\/vc_column_text][vc_column_text css=&#8221;&#8221;]<\/p>\n<h5><strong>Blanchiment dentaire :<\/strong><\/h5>\n<p class=\"ds-markdown-paragraph\">\u00c9claircissement des dents pour\u00a0<strong>corriger les dents jaunes<\/strong>\u00a0et retrouver un\u00a0<strong>sourire \u00e9clatant<\/strong>.<\/p>\n<h5><strong>Facettes dentaires en c\u00e9ramique :<\/strong><\/h5>\n<p class=\"ds-markdown-paragraph\">Petites coquilles coll\u00e9es sur la face visible des dents pour corriger forme, teinte et alignement.<\/p>\n<h5><strong>Couronnes dentaires :<\/strong><\/h5>\n<p class=\"ds-markdown-paragraph\">Restaurations compl\u00e8tes pour des\u00a0<strong>dents ab\u00eem\u00e9es<\/strong>\u00a0ou fragilis\u00e9es.<\/p>\n<h5><strong>Implant dentaire :<\/strong><\/h5>\n<p class=\"ds-markdown-paragraph\">Remplacement d\u2019une dent manquante par une racine artificielle et une couronne.<\/p>\n<h5><strong>R\u00e9duction du sourire gingival :<\/strong><\/h5>\n<p class=\"ds-markdown-paragraph\">Correction d\u2019un sourire trop gingival pour un \u00e9quilibre dento-gingival harmonieux.<\/p>\n<h5><strong>D\u00e9pigmentation gingivale :<\/strong><\/h5>\n<p class=\"ds-markdown-paragraph\">\u00c9limination des taches sombres sur les gencives.<\/p>\n<h5><strong>Curetage parodontal :<\/strong><\/h5>\n<p class=\"ds-markdown-paragraph\">Nettoyage en profondeur des poches parodontales.<\/p>\n<h5><strong>Remodelage des gencives :<\/strong><\/h5>\n<p class=\"ds-markdown-paragraph\">Harmonisation du contour gingival pour un sourire \u00e9quilibr\u00e9.<\/p>\n<p>[\/vc_column_text]<a href='https:\/\/ines-co.com\/?page_id=21265' target='_self' title='Devis' class='dt-sc-button   medium icon-right with-icon  bordered  type2' data-delay='0' > demande de devis <\/a>[\/vc_column_inner][\/vc_row_inner][\/vc_column][\/vc_row]<\/p>\n<\/div>","protected":false},"excerpt":{"rendered":"<p>[vc_row][vc_column width=&#8221;1\/4&#8243;][vc_custom_heading text=&#8221;Dentisterie Esth\u00e9tique&#8221; font_container=&#8221;tag:p|font_size:20|text_align:justify&#8221; use_theme_fonts=&#8221;yes&#8221; css=&#8221;&#8221;][\/vc_column][vc_column width=&#8221;3\/4&#8243;][vc_row_inner][vc_column_inner width=&#8221;1\/2&#8243; css=&#8221;.vc_custom_1744295121360{margin-left: 2px !important;}&#8221;][vc_column_text css=&#8221;&#8221;] La\u00a0dentisterie esth\u00e9tique\u00a0est une branche de la\u00a0dentisterie esth\u00e9tique Tunisie\u00a0visant \u00e0 am\u00e9liorer l\u2019apparence du sourire tout en pr\u00e9servant la sant\u00e9 bucco-dentaire. Chez INESCO Care, nous proposons des\u00a0soins dentaires esth\u00e9tiques\u00a0modernes et peu invasifs pour\u00a0corriger les dents jaunes,\u00a0am\u00e9liorer l\u2019alignement dentaire\u00a0et offrir un\u00a0sourire esth\u00e9tique\u00a0naturel et harmonieux. Nos\u00a0traitements [&hellip;]<\/p>\n","protected":false},"author":2,"featured_media":0,"parent":0,"menu_order":0,"comment_status":"closed","ping_status":"closed","template":"","meta":{"footnotes":""},"class_list":["post-21914","page","type-page","status-publish","hentry"],"_links":{"self":[{"href":"https:\/\/ines-co.com\/index.php?rest_route=\/wp\/v2\/pages\/21914","targetHints":{"allow":["GET"]}}],"collection":[{"href":"https:\/\/ines-co.com\/index.php?rest_route=\/wp\/v2\/pages"}],"about":[{"href":"https:\/\/ines-co.com\/index.php?rest_route=\/wp\/v2\/types\/page"}],"author":[{"embeddable":true,"href":"https:\/\/ines-co.com\/index.php?rest_route=\/wp\/v2\/users\/2"}],"replies":[{"embeddable":true,"href":"https:\/\/ines-co.com\/index.php?rest_route=%2Fwp%2Fv2%2Fcomments&post=21914"}],"version-history":[{"count":7,"href":"https:\/\/ines-co.com\/index.php?rest_route=\/wp\/v2\/pages\/21914\/revisions"}],"predecessor-version":[{"id":22344,"href":"https:\/\/ines-co.com\/index.php?rest_route=\/wp\/v2\/pages\/21914\/revisions\/22344"}],"wp:attachment":[{"href":"https:\/\/ines-co.com\/index.php?rest_route=%2Fwp%2Fv2%2Fmedia&parent=21914"}],"curies":[{"name":"wp","href":"https:\/\/api.w.org\/{rel}","templated":true}]}}