{"id":21820,"date":"2025-04-28T15:08:10","date_gmt":"2025-04-28T15:08:10","guid":{"rendered":"https:\/\/ines-co.com\/?page_id=21820"},"modified":"2026-04-07T13:59:48","modified_gmt":"2026-04-07T13:59:48","slug":"injections","status":"publish","type":"page","link":"https:\/\/ines-co.com\/?page_id=21820","title":{"rendered":"Injections"},"content":{"rendered":"<div class=\"wpb-content-wrapper\"><p>[vc_row][vc_column width=&#8221;1\/4&#8243;]<div id=\"1744293887292-61febcd9-ef9a\" class=\"dt-sc-empty-space\"><\/div><div id=\"1744293867661-3150727c-8fa9\" class=\"dt-sc-empty-space\"><\/div><div id=\"1744294995996-4d7f99ee-99d6\" class=\"dt-sc-empty-space\"><\/div>[vc_custom_heading text=&#8221;M\u00e9decine Esth\u00e9tique&#8221; font_container=&#8221;tag:p|font_size:20|text_align:justify&#8221; use_theme_fonts=&#8221;yes&#8221; css=&#8221;&#8221;]<div id=\"1744295011070-67885103-b5c8\" class=\"dt-sc-empty-space\"><\/div><div id=\"dt-1744295003964-710f20a8-0be7\" class=\"dt-custom-nav-wrapper none inline-vertical\" data-delay=\"0\" data-default-style = \"none\" data-hover-style = \"none\" data-default-decoration = \"overline\" data-hover-decoration = \"none\"><div class=\"menu-medecine-esthetique-container\"><ul id=\"menu-medecine-esthetique\" class=\"custom-sub-nav dt-custom-nav\"><li id=\"menu-item-21818\" class=\"menu-item menu-item-type-post_type menu-item-object-page menu-item-21818\"><a href=\"https:\/\/ines-co.com\/?page_id=21816\" class=\"item-has-icon icon-position-left\"><i class=\"menu-item-icon\"><\/i><span>Peeling<\/span><\/a><\/li>\n<li id=\"menu-item-21825\" class=\"menu-item menu-item-type-post_type menu-item-object-page menu-item-21825\"><a href=\"https:\/\/ines-co.com\/?page_id=21819\" class=\"item-has-icon icon-position-left\"><i class=\"menu-item-icon\"><\/i><span>Traitement par LASER<\/span><\/a><\/li>\n<li id=\"menu-item-21824\" class=\"menu-item menu-item-type-post_type menu-item-object-page menu-item-21824\"><a href=\"https:\/\/ines-co.com\/?page_id=21820\" class=\"item-has-icon icon-position-left\"><i class=\"menu-item-icon\"><\/i><span>Injections<\/span><\/a><\/li>\n<li id=\"menu-item-21883\" class=\"menu-item menu-item-type-post_type menu-item-object-page menu-item-21883\"><a href=\"https:\/\/ines-co.com\/?page_id=21848\" class=\"item-has-icon icon-position-left\"><i class=\"menu-item-icon\"><\/i><span>Lumi\u00e8re led \u2013 Photomodulation Par Led<\/span><\/a><\/li>\n<li id=\"menu-item-21882\" class=\"menu-item menu-item-type-post_type menu-item-object-page menu-item-21882\"><a href=\"https:\/\/ines-co.com\/?page_id=21857\" class=\"item-has-icon icon-position-left\"><i class=\"menu-item-icon\"><\/i><span>Plexr<\/span><\/a><\/li>\n<li id=\"menu-item-21881\" class=\"menu-item menu-item-type-post_type menu-item-object-page menu-item-21881\"><a href=\"https:\/\/ines-co.com\/?page_id=21861\" class=\"item-has-icon icon-position-left\"><i class=\"menu-item-icon\"><\/i><span>Radiofr\u00e9quence<\/span><\/a><\/li>\n<li id=\"menu-item-21880\" class=\"menu-item menu-item-type-post_type menu-item-object-page menu-item-21880\"><a href=\"https:\/\/ines-co.com\/?page_id=21866\" class=\"item-has-icon icon-position-left\"><i class=\"menu-item-icon\"><\/i><span>Radiofr\u00e9quence corps<\/span><\/a><\/li>\n<li id=\"menu-item-21879\" class=\"menu-item menu-item-type-post_type menu-item-object-page menu-item-21879\"><a href=\"https:\/\/ines-co.com\/?page_id=21870\" class=\"item-has-icon icon-position-left\"><i class=\"menu-item-icon\"><\/i><span>Fils Tenseurs<\/span><\/a><\/li>\n<\/ul><\/div><\/div>[\/vc_column][vc_column width=&#8221;3\/4&#8243;]<div id=\"1744292901684-134d992c-3b1f\" class=\"dt-sc-empty-space\"><\/div>[vc_column_text css=&#8221;&#8221;]Les\u00a0<strong>injections esth\u00e9tiques en Tunisie<\/strong>\u00a0regroupent un ensemble de techniques\u00a0<strong>non chirurgicales de m\u00e9decine esth\u00e9tique<\/strong>\u00a0pour\u00a0<strong>rajeunir, hydrater et embellir<\/strong>\u00a0la peau sans chirurgie. Chez INESCO Care, nos\u00a0<strong>m\u00e9decins esth\u00e9tiques sp\u00e9cialis\u00e9s en Tunisie<\/strong>\u00a0ma\u00eetrisent toutes les m\u00e9thodes modernes :\u00a0<strong>injection d\u2019acide hyaluronique<\/strong>,\u00a0<strong>toxine botulinique (Botox)<\/strong>,\u00a0<strong>PRP (plasma riche en plaquettes)<\/strong>,\u00a0<strong>m\u00e9soth\u00e9rapie visage<\/strong>,\u00a0<strong>skinbooster<\/strong>\u00a0et\u00a0<strong>carboxyth\u00e9rapie<\/strong>. Ces traitements\u00a0<strong>personnalis\u00e9s<\/strong>\u00a0permettent de combler les\u00a0<strong>rides<\/strong>, redonner du\u00a0<strong>volume<\/strong>, am\u00e9liorer la\u00a0<strong>texture cutan\u00e9e<\/strong>\u00a0et traiter les\u00a0<strong>cernes, cellulite ou vergetures<\/strong>, pour un\u00a0<strong>r\u00e9sultat naturel<\/strong>\u00a0et un\u00a0<strong>visage repos\u00e9<\/strong>.[\/vc_column_text][vc_row_inner][vc_column_inner width=&#8221;1\/2&#8243; css=&#8221;.vc_custom_1744295121360{margin-left: 2px !important;}&#8221;][vc_custom_heading text=&#8221;Les techniques d\u2019injections propos\u00e9es&#8221; font_container=&#8221;tag:h6|text_align:left|color:%23000000&#8243; css=&#8221;&#8221;][vc_custom_heading text=&#8221;Carboxyth\u00e9rapie (Injection de CO2 M\u00e9dical)&#8221; font_container=&#8221;tag:h6|text_align:left|color:%231E73BE&#8221; css=&#8221;&#8221;][vc_column_text css=&#8221;&#8221;]<\/p>\n<ul>\n<li class=\"ds-markdown-paragraph\"><strong>Objectif<\/strong>\u00a0: injecter du\u00a0<strong>gaz carbonique<\/strong>\u00a0pour\u00a0<strong>stimuler la microcirculation<\/strong>, traiter\u00a0<strong>cernes, cellulite, vergetures<\/strong>.<\/li>\n<li class=\"ds-markdown-paragraph\"><strong>M\u00e9canisme<\/strong>\u00a0: am\u00e9liore l\u2019oxyg\u00e9nation et le\u00a0<strong>drainage lymphatique<\/strong>.<\/li>\n<\/ul>\n<p>[\/vc_column_text][vc_single_image image=&#8221;21842&#8243; img_size=&#8221;full&#8221; css=&#8221;&#8221; el_class=&#8221;custom-img-border&#8221;][vc_custom_heading text=&#8221;Acide Hyaluronique (Comblement &#038; Volumisation)&#8221; font_container=&#8221;tag:h6|text_align:left|color:%231E73BE&#8221; css=&#8221;&#8221;][vc_column_text css=&#8221;&#8221;]<\/p>\n<ul>\n<li class=\"ds-markdown-paragraph\"><strong>Objectif<\/strong>\u00a0: combler\u00a0<strong>rides profondes<\/strong>\u00a0(sillons nasog\u00e9niens, plis d\u2019amertume), redonner du\u00a0<strong>volume<\/strong>\u00a0(pommettes, l\u00e8vres), hydrater en profondeur.<\/li>\n<li class=\"ds-markdown-paragraph\"><strong>Effet<\/strong>\u00a0: imm\u00e9diat, dure\u00a0<strong>6 \u00e0 18 mois<\/strong>.<\/li>\n<li class=\"ds-markdown-paragraph\"><strong>Types<\/strong>\u00a0: acide hyaluronique r\u00e9ticul\u00e9 (comblement) ou non r\u00e9ticul\u00e9 (hydratation \u2013 skinbooster).<\/li>\n<\/ul>\n<p>[\/vc_column_text][vc_single_image image=&#8221;21844&#8243; img_size=&#8221;full&#8221; css=&#8221;&#8221; el_class=&#8221;custom-img-border&#8221;][vc_custom_heading text=&#8221;M\u00e9soth\u00e9rapie &#038; Skinboosters (Hydratation &#038; Nutrition Cutan\u00e9e)&#8221; font_container=&#8221;tag:h6|text_align:left|color:%231E73BE&#8221; css=&#8221;&#8221;][vc_column_text css=&#8221;&#8221;]<\/p>\n<ul>\n<li class=\"ds-markdown-paragraph\"><strong>Objectif<\/strong>\u00a0:\u00a0<strong>micro-injections<\/strong>\u00a0de vitamines, acide hyaluronique l\u00e9ger, nutriments pour\u00a0<strong>hydrater, \u00e9claircir, repulper<\/strong>\u00a0la peau.<\/li>\n<li class=\"ds-markdown-paragraph\"><strong>Indications<\/strong>\u00a0:\u00a0<strong>peau d\u00e9shydrat\u00e9e, terne, ridules fines, teint fatigu\u00e9<\/strong>.<\/li>\n<\/ul>\n<p>[\/vc_column_text]<div id=\"1745577569858-3c0459c5-6b08\" class=\"dt-sc-empty-space\"><\/div>[\/vc_column_inner][vc_column_inner width=&#8221;1\/2&#8243;]<div id=\"1772527176679-32d3612b-e1f8\" class=\"dt-sc-empty-space\"><\/div>[vc_single_image image=&#8221;21841&#8243; img_size=&#8221;full&#8221; css=&#8221;&#8221; el_class=&#8221;custom-img-border&#8221;][vc_custom_heading text=&#8221;PRP (Plasma Riche en Plaquettes \u2013 Rajeunissement Autologue)&#8221; font_container=&#8221;tag:h6|text_align:left|color:%231E73BE&#8221; css=&#8221;&#8221;][vc_column_text css=&#8221;&#8221;]<\/p>\n<ul>\n<li class=\"ds-markdown-paragraph\"><strong>Objectif<\/strong>\u00a0: stimuler la\u00a0<strong>production de collag\u00e8ne<\/strong>\u00a0\u00e0 partir de votre propre sang pour am\u00e9liorer\u00a0<strong>texture, \u00e9clat, cicatrices d\u2019acn\u00e9, cernes<\/strong>.<\/li>\n<li class=\"ds-markdown-paragraph\"><strong>Effet<\/strong>\u00a0: progressif apr\u00e8s\u00a0<strong>2-3 s\u00e9ances<\/strong>, r\u00e9sultats durables.<\/li>\n<\/ul>\n<p>[\/vc_column_text][vc_single_image image=&#8221;21843&#8243; img_size=&#8221;full&#8221; css=&#8221;&#8221; el_class=&#8221;custom-img-border&#8221;][vc_custom_heading text=&#8221;Toxine Botulinique (Botox \u2013 Anti-rides d\u2019expression)&#8221; font_container=&#8221;tag:h6|text_align:left|color:%231E73BE&#8221; css=&#8221;&#8221;][vc_column_text css=&#8221;&#8221;]<\/p>\n<ul>\n<li class=\"ds-markdown-paragraph\"><strong>Objectif<\/strong>\u00a0: rel\u00e2cher les muscles responsables des\u00a0<strong>rides dynamiques<\/strong>\u00a0(front, pattes d\u2019oie, ride du lion).<\/li>\n<li class=\"ds-markdown-paragraph\"><strong>Effet<\/strong>\u00a0: visible en\u00a0<strong>3-7 jours<\/strong>, dure\u00a0<strong>4 \u00e0 6 mois<\/strong>.<\/li>\n<li class=\"ds-markdown-paragraph\"><strong>R\u00e9sultat<\/strong>\u00a0:\u00a0<strong>visage d\u00e9tendu<\/strong>\u00a0sans expression fig\u00e9e.<\/li>\n<\/ul>\n<p>[\/vc_column_text][vc_single_image image=&#8221;21850&#8243; img_size=&#8221;full&#8221; css=&#8221;&#8221; el_class=&#8221;custom-img-border&#8221;][vc_custom_heading text=&#8221;\u00c0 qui s\u2019adressent les injections esth\u00e9tiques ?&#8221; font_container=&#8221;tag:h6|text_align:left|color:%231E73BE&#8221; css=&#8221;&#8221;][vc_column_text css=&#8221;&#8221;]<\/p>\n<ul>\n<li class=\"ds-markdown-paragraph\">Personnes souhaitant\u00a0<strong>att\u00e9nuer rides et ridules<\/strong>\u00a0sans chirurgie.<\/li>\n<li class=\"ds-markdown-paragraph\">Ceux qui pr\u00e9sentent une\u00a0<strong>perte de volume<\/strong>\u00a0facial (pommettes, l\u00e8vres).<\/li>\n<li class=\"ds-markdown-paragraph\">Patients avec une\u00a0<strong>peau d\u00e9shydrat\u00e9e, terne, fatigu\u00e9e<\/strong>.<\/li>\n<li class=\"ds-markdown-paragraph\">Individus g\u00ean\u00e9s par des\u00a0<strong>cernes creus\u00e9s ou color\u00e9s<\/strong>.<\/li>\n<li class=\"ds-markdown-paragraph\">Hommes et femmes concern\u00e9s par la\u00a0<strong>cellulite ou les vergetures<\/strong>.<\/li>\n<\/ul>\n<p>[\/vc_column_text]<a href='https:\/\/ines-co.com\/?page_id=21265' target='_self' title='Devis' class='dt-sc-button   medium icon-right with-icon  bordered  type2' data-delay='0' > demande de devis <\/a>[\/vc_column_inner][\/vc_row_inner][\/vc_column][\/vc_row][vc_row][vc_column width=&#8221;1\/4&#8243;]<div id=\"1745413299218-d0ed2dda-6256\" class=\"dt-sc-empty-space\"><\/div><div id=\"1745413299218-e7eec482-7d87\" class=\"dt-sc-empty-space\"><\/div><div id=\"1745413299218-d626b89d-5175\" class=\"dt-sc-empty-space\"><\/div>[\/vc_column][\/vc_row]<\/p>\n<\/div>","protected":false},"excerpt":{"rendered":"<p>[vc_row][vc_column width=&#8221;1\/4&#8243;][vc_custom_heading text=&#8221;M\u00e9decine Esth\u00e9tique&#8221; font_container=&#8221;tag:p|font_size:20|text_align:justify&#8221; use_theme_fonts=&#8221;yes&#8221; css=&#8221;&#8221;][\/vc_column][vc_column width=&#8221;3\/4&#8243;][vc_column_text css=&#8221;&#8221;]Les\u00a0injections esth\u00e9tiques en Tunisie\u00a0regroupent un ensemble de techniques\u00a0non chirurgicales de m\u00e9decine esth\u00e9tique\u00a0pour\u00a0rajeunir, hydrater et embellir\u00a0la peau sans chirurgie. Chez INESCO Care, nos\u00a0m\u00e9decins esth\u00e9tiques sp\u00e9cialis\u00e9s en Tunisie\u00a0ma\u00eetrisent toutes les m\u00e9thodes modernes :\u00a0injection d\u2019acide hyaluronique,\u00a0toxine botulinique (Botox),\u00a0PRP (plasma riche en plaquettes),\u00a0m\u00e9soth\u00e9rapie visage,\u00a0skinbooster\u00a0et\u00a0carboxyth\u00e9rapie. Ces traitements\u00a0personnalis\u00e9s\u00a0permettent de combler les\u00a0rides, redonner du\u00a0volume, [&hellip;]<\/p>\n","protected":false},"author":2,"featured_media":0,"parent":0,"menu_order":0,"comment_status":"closed","ping_status":"closed","template":"","meta":{"footnotes":""},"class_list":["post-21820","page","type-page","status-publish","hentry"],"_links":{"self":[{"href":"https:\/\/ines-co.com\/index.php?rest_route=\/wp\/v2\/pages\/21820","targetHints":{"allow":["GET"]}}],"collection":[{"href":"https:\/\/ines-co.com\/index.php?rest_route=\/wp\/v2\/pages"}],"about":[{"href":"https:\/\/ines-co.com\/index.php?rest_route=\/wp\/v2\/types\/page"}],"author":[{"embeddable":true,"href":"https:\/\/ines-co.com\/index.php?rest_route=\/wp\/v2\/users\/2"}],"replies":[{"embeddable":true,"href":"https:\/\/ines-co.com\/index.php?rest_route=%2Fwp%2Fv2%2Fcomments&post=21820"}],"version-history":[{"count":6,"href":"https:\/\/ines-co.com\/index.php?rest_route=\/wp\/v2\/pages\/21820\/revisions"}],"predecessor-version":[{"id":22363,"href":"https:\/\/ines-co.com\/index.php?rest_route=\/wp\/v2\/pages\/21820\/revisions\/22363"}],"wp:attachment":[{"href":"https:\/\/ines-co.com\/index.php?rest_route=%2Fwp%2Fv2%2Fmedia&parent=21820"}],"curies":[{"name":"wp","href":"https:\/\/api.w.org\/{rel}","templated":true}]}}