{"id":21819,"date":"2025-04-28T15:08:09","date_gmt":"2025-04-28T15:08:09","guid":{"rendered":"https:\/\/ines-co.com\/?page_id=21819"},"modified":"2026-04-07T14:00:04","modified_gmt":"2026-04-07T14:00:04","slug":"traitement-par-laser","status":"publish","type":"page","link":"https:\/\/ines-co.com\/?page_id=21819","title":{"rendered":"Traitement par LASER"},"content":{"rendered":"<div class=\"wpb-content-wrapper\"><p>[vc_row][vc_column width=&#8221;1\/4&#8243;]<div id=\"1744293887292-61febcd9-ef9a\" class=\"dt-sc-empty-space\"><\/div><div id=\"1744293867661-3150727c-8fa9\" class=\"dt-sc-empty-space\"><\/div><div id=\"1744294995996-4d7f99ee-99d6\" class=\"dt-sc-empty-space\"><\/div>[vc_custom_heading text=&#8221;M\u00e9decine Esth\u00e9tique&#8221; font_container=&#8221;tag:p|font_size:20|text_align:justify&#8221; use_theme_fonts=&#8221;yes&#8221; css=&#8221;&#8221;]<div id=\"1744295011070-67885103-b5c8\" class=\"dt-sc-empty-space\"><\/div><div id=\"dt-1744295003964-710f20a8-0be7\" class=\"dt-custom-nav-wrapper none inline-vertical\" data-delay=\"0\" data-default-style = \"none\" data-hover-style = \"none\" data-default-decoration = \"overline\" data-hover-decoration = \"none\"><div class=\"menu-medecine-esthetique-container\"><ul id=\"menu-medecine-esthetique\" class=\"custom-sub-nav dt-custom-nav\"><li id=\"menu-item-21818\" class=\"menu-item menu-item-type-post_type menu-item-object-page menu-item-21818\"><a href=\"https:\/\/ines-co.com\/?page_id=21816\" class=\"item-has-icon icon-position-left\"><i class=\"menu-item-icon\"><\/i><span>Peeling<\/span><\/a><\/li>\n<li id=\"menu-item-21825\" class=\"menu-item menu-item-type-post_type menu-item-object-page menu-item-21825\"><a href=\"https:\/\/ines-co.com\/?page_id=21819\" class=\"item-has-icon icon-position-left\"><i class=\"menu-item-icon\"><\/i><span>Traitement par LASER<\/span><\/a><\/li>\n<li id=\"menu-item-21824\" class=\"menu-item menu-item-type-post_type menu-item-object-page menu-item-21824\"><a href=\"https:\/\/ines-co.com\/?page_id=21820\" class=\"item-has-icon icon-position-left\"><i class=\"menu-item-icon\"><\/i><span>Injections<\/span><\/a><\/li>\n<li id=\"menu-item-21883\" class=\"menu-item menu-item-type-post_type menu-item-object-page menu-item-21883\"><a href=\"https:\/\/ines-co.com\/?page_id=21848\" class=\"item-has-icon icon-position-left\"><i class=\"menu-item-icon\"><\/i><span>Lumi\u00e8re led \u2013 Photomodulation Par Led<\/span><\/a><\/li>\n<li id=\"menu-item-21882\" class=\"menu-item menu-item-type-post_type menu-item-object-page menu-item-21882\"><a href=\"https:\/\/ines-co.com\/?page_id=21857\" class=\"item-has-icon icon-position-left\"><i class=\"menu-item-icon\"><\/i><span>Plexr<\/span><\/a><\/li>\n<li id=\"menu-item-21881\" class=\"menu-item menu-item-type-post_type menu-item-object-page menu-item-21881\"><a href=\"https:\/\/ines-co.com\/?page_id=21861\" class=\"item-has-icon icon-position-left\"><i class=\"menu-item-icon\"><\/i><span>Radiofr\u00e9quence<\/span><\/a><\/li>\n<li id=\"menu-item-21880\" class=\"menu-item menu-item-type-post_type menu-item-object-page menu-item-21880\"><a href=\"https:\/\/ines-co.com\/?page_id=21866\" class=\"item-has-icon icon-position-left\"><i class=\"menu-item-icon\"><\/i><span>Radiofr\u00e9quence corps<\/span><\/a><\/li>\n<li id=\"menu-item-21879\" class=\"menu-item menu-item-type-post_type menu-item-object-page menu-item-21879\"><a href=\"https:\/\/ines-co.com\/?page_id=21870\" class=\"item-has-icon icon-position-left\"><i class=\"menu-item-icon\"><\/i><span>Fils Tenseurs<\/span><\/a><\/li>\n<\/ul><\/div><\/div>[\/vc_column][vc_column width=&#8221;3\/4&#8243;][vc_row_inner][vc_column_inner width=&#8221;1\/2&#8243; css=&#8221;.vc_custom_1744295121360{margin-left: 2px !important;}&#8221;]<div id=\"1744284640139-6fd5764f-ac25\" class=\"dt-sc-empty-space\"><\/div>[vc_column_text css=&#8221;&#8221;]Le\u00a0<strong>traitement laser visage en Tunisie<\/strong>\u00a0est une\u00a0<strong>technologie avanc\u00e9e de m\u00e9decine esth\u00e9tique<\/strong>\u00a0permettant de\u00a0<strong>lisser, raffermir et uniformiser<\/strong>\u00a0la peau gr\u00e2ce \u00e0 l\u2019action thermique contr\u00f4l\u00e9e du laser. Chez INESCO Care, nous proposons un\u00a0<strong>spectre complet de solutions laser<\/strong>, du\u00a0<strong>resurfacing ablatif<\/strong>\u00a0(laser CO2, Erbium) pour les\u00a0<strong>rides profondes<\/strong>\u00a0et\u00a0<strong>cicatrices<\/strong>, au\u00a0<strong>photorajeunissement non ablatif<\/strong>\u00a0(IPL, laser Nd:YAG) pour le\u00a0<strong>teint et les ridules<\/strong>. Nos\u00a0<strong>dermatologues laser sp\u00e9cialis\u00e9s en Tunisie<\/strong>\u00a0con\u00e7oivent des\u00a0<strong>protocoles personnalis\u00e9s<\/strong>\u00a0pour une\u00a0<strong>correction pr\u00e9cise<\/strong>\u00a0des imperfections et un\u00a0<strong>rajeunissement facial naturel<\/strong>.[\/vc_column_text]<div id=\"1745577569858-3c0459c5-6b08\" class=\"dt-sc-empty-space\"><\/div>[\/vc_column_inner][vc_column_inner width=&#8221;1\/2&#8243;]<div id=\"1744292901684-134d992c-3b1f\" class=\"dt-sc-empty-space\"><\/div>[vc_single_image image=&#8221;21830&#8243; img_size=&#8221;full&#8221; css=&#8221;&#8221; el_class=&#8221;custom-img-border&#8221;][\/vc_column_inner][\/vc_row_inner][\/vc_column][\/vc_row][vc_row][vc_column width=&#8221;1\/4&#8243;]<div id=\"1745413299218-d0ed2dda-6256\" class=\"dt-sc-empty-space\"><\/div><div id=\"1745413299218-e7eec482-7d87\" class=\"dt-sc-empty-space\"><\/div><div id=\"1745413299218-d626b89d-5175\" class=\"dt-sc-empty-space\"><\/div>[\/vc_column][vc_column width=&#8221;3\/4&#8243;][vc_custom_heading text=&#8221;Qu\u2019est-ce que le traitement laser du visage ?&#8221; font_container=&#8221;tag:h6|text_align:left&#8221; css=&#8221;&#8221;][vc_column_text css=&#8221;&#8221;]<\/p>\n<p class=\"ds-markdown-paragraph\">Il s\u2019agit d\u2019une\u00a0<strong>abrasion cutan\u00e9e contr\u00f4l\u00e9e<\/strong>\u00a0par lumi\u00e8re laser, qui stimule la production de\u00a0<strong>collag\u00e8ne et d\u2019\u00e9lastine<\/strong>\u00a0pour\u00a0<strong>r\u00e9g\u00e9n\u00e9rer la peau<\/strong>.<\/p>\n<ul>\n<li class=\"ds-markdown-paragraph\"><strong>Laser ablatif<\/strong>\u00a0(CO2 fractionn\u00e9, Erbium) :\u00a0<strong>resurfacing profond<\/strong>, traite\u00a0<strong>rides marqu\u00e9es, cicatrices, taches tenaces<\/strong>.<\/li>\n<li class=\"ds-markdown-paragraph\"><strong>Laser non ablatif \/ Photorajeunissement<\/strong>\u00a0(IPL, Nd:YAG, laser \u00e0 colorant puls\u00e9) : traitement\u00a0<strong>superficiel<\/strong>, id\u00e9al pour\u00a0<strong>teint terne, rougeurs, pores dilat\u00e9s, ridules fines<\/strong>.<\/li>\n<li class=\"ds-markdown-paragraph\"><strong>Effet tenseur<\/strong>\u00a0:\u00a0<strong>raffermissement cutan\u00e9<\/strong>\u00a0par stimulation du collag\u00e8ne.<\/li>\n<\/ul>\n<p>[\/vc_column_text][vc_custom_heading text=&#8221;Les lasers utilis\u00e9s chez INESCO Care&#8221; font_container=&#8221;tag:h6|text_align:left|color:%231E73BE&#8221; css=&#8221;&#8221;][vc_column_text css=&#8221;&#8221;]<\/p>\n<h5><strong>1. Laser CO2 fractionn\u00e9 &amp; Laser Erbium (Resurfacing ablatif)<\/strong><\/h5>\n<ul>\n<li class=\"ds-markdown-paragraph\"><strong>Action<\/strong>\u00a0: vaporise les couches superficielles de la peau.<\/li>\n<li class=\"ds-markdown-paragraph\"><strong>Indications<\/strong>\u00a0:\u00a0<strong>rides profondes, cicatrices, taches rebelles<\/strong>.<\/li>\n<li class=\"ds-markdown-paragraph\"><strong>R\u00e9cup\u00e9ration<\/strong>\u00a0: 7 \u00e0 15 jours (rougeurs, desquamation), r\u00e9sultats\u00a0<strong>durables et spectaculaires<\/strong>.<\/li>\n<\/ul>\n<h5><strong>2. Lumi\u00e8re Intense Puls\u00e9e (IPL) &amp; Laser Nd:YAG (Photorajeunissement)<\/strong><\/h5>\n<ul>\n<li class=\"ds-markdown-paragraph\"><strong>Action<\/strong>\u00a0: chauffe le derme sans abraser l\u2019\u00e9piderme.<\/li>\n<li class=\"ds-markdown-paragraph\"><strong>Indications<\/strong>\u00a0:\u00a0<strong>teint, rougeurs, pores, ridules fines<\/strong>.<\/li>\n<li class=\"ds-markdown-paragraph\"><strong>R\u00e9cup\u00e9ration<\/strong>\u00a0: l\u00e9g\u00e8re rougeur,\u00a0<strong>pas d\u2019\u00e9viction sociale<\/strong>.<\/li>\n<\/ul>\n<h5><strong>3. Laser \u00e0 colorant puls\u00e9 (PDL)<\/strong><\/h5>\n<ul>\n<li class=\"ds-markdown-paragraph\">Sp\u00e9cialis\u00e9 dans le traitement des\u00a0<strong>vaisseaux, rougeurs, rosac\u00e9e<\/strong>.<\/li>\n<\/ul>\n<p>[\/vc_column_text][vc_row_inner][vc_column_inner width=&#8221;1\/2&#8243;][vc_single_image image=&#8221;22180&#8243; img_size=&#8221;full&#8221; css=&#8221;&#8221; el_class=&#8221;custom-img-border&#8221;][\/vc_column_inner][vc_column_inner width=&#8221;1\/2&#8243;][vc_custom_heading text=&#8221;\u00c0 qui s\u2019adresse le laser esth\u00e9tique facial ?&#8221; font_container=&#8221;tag:h6|text_align:left|color:%231E73BE&#8221; css=&#8221;&#8221;][vc_column_text css=&#8221;&#8221;]<\/p>\n<ul>\n<li>Personnes pr\u00e9sentant des\u00a0<strong>rides superficielles \u00e0 profondes<\/strong>\u00a0(p\u00e9ri-orales, p\u00e9ri-orbitaires, frontales).<\/li>\n<li>Patients avec des\u00a0<strong>cicatrices d\u2019acn\u00e9 d\u00e9prim\u00e9es<\/strong>\u00a0ou des\u00a0<strong>taches pigmentaires<\/strong>\u00a0(soleil, m\u00e9lasma).<\/li>\n<li class=\"ds-markdown-paragraph\">Ceux qui souhaitent\u00a0<strong>am\u00e9liorer la texture et l\u2019\u00e9lasticit\u00e9<\/strong>\u00a0de leur peau.<\/li>\n<li class=\"ds-markdown-paragraph\">Individus au\u00a0<strong>teint irr\u00e9gulier, rougeurs, couperose<\/strong>.<\/li>\n<li style=\"list-style-type: none;\"><\/li>\n<\/ul>\n<p>[\/vc_column_text]<a href='https:\/\/ines-co.com\/?page_id=21265' target='_self' title='Devis' class='dt-sc-button   medium icon-right with-icon  bordered  type2' data-delay='0' > demande de devis <\/a>[\/vc_column_inner][\/vc_row_inner][\/vc_column][\/vc_row]<\/p>\n<\/div>","protected":false},"excerpt":{"rendered":"<p>[vc_row][vc_column width=&#8221;1\/4&#8243;][vc_custom_heading text=&#8221;M\u00e9decine Esth\u00e9tique&#8221; font_container=&#8221;tag:p|font_size:20|text_align:justify&#8221; use_theme_fonts=&#8221;yes&#8221; css=&#8221;&#8221;][\/vc_column][vc_column width=&#8221;3\/4&#8243;][vc_row_inner][vc_column_inner width=&#8221;1\/2&#8243; css=&#8221;.vc_custom_1744295121360{margin-left: 2px !important;}&#8221;][vc_column_text css=&#8221;&#8221;]Le\u00a0traitement laser visage en Tunisie\u00a0est une\u00a0technologie avanc\u00e9e de m\u00e9decine esth\u00e9tique\u00a0permettant de\u00a0lisser, raffermir et uniformiser\u00a0la peau gr\u00e2ce \u00e0 l\u2019action thermique contr\u00f4l\u00e9e du laser. Chez INESCO Care, nous proposons un\u00a0spectre complet de solutions laser, du\u00a0resurfacing ablatif\u00a0(laser CO2, Erbium) pour les\u00a0rides profondes\u00a0et\u00a0cicatrices, au\u00a0photorajeunissement non ablatif\u00a0(IPL, laser [&hellip;]<\/p>\n","protected":false},"author":2,"featured_media":0,"parent":0,"menu_order":0,"comment_status":"closed","ping_status":"closed","template":"","meta":{"footnotes":""},"class_list":["post-21819","page","type-page","status-publish","hentry"],"_links":{"self":[{"href":"https:\/\/ines-co.com\/index.php?rest_route=\/wp\/v2\/pages\/21819","targetHints":{"allow":["GET"]}}],"collection":[{"href":"https:\/\/ines-co.com\/index.php?rest_route=\/wp\/v2\/pages"}],"about":[{"href":"https:\/\/ines-co.com\/index.php?rest_route=\/wp\/v2\/types\/page"}],"author":[{"embeddable":true,"href":"https:\/\/ines-co.com\/index.php?rest_route=\/wp\/v2\/users\/2"}],"replies":[{"embeddable":true,"href":"https:\/\/ines-co.com\/index.php?rest_route=%2Fwp%2Fv2%2Fcomments&post=21819"}],"version-history":[{"count":8,"href":"https:\/\/ines-co.com\/index.php?rest_route=\/wp\/v2\/pages\/21819\/revisions"}],"predecessor-version":[{"id":22364,"href":"https:\/\/ines-co.com\/index.php?rest_route=\/wp\/v2\/pages\/21819\/revisions\/22364"}],"wp:attachment":[{"href":"https:\/\/ines-co.com\/index.php?rest_route=%2Fwp%2Fv2%2Fmedia&parent=21819"}],"curies":[{"name":"wp","href":"https:\/\/api.w.org\/{rel}","templated":true}]}}