{"id":21737,"date":"2025-04-28T12:02:42","date_gmt":"2025-04-28T12:02:42","guid":{"rendered":"https:\/\/ines-co.com\/?page_id=21737"},"modified":"2026-04-07T13:48:22","modified_gmt":"2026-04-07T13:48:22","slug":"la-chirurgie-intime","status":"publish","type":"page","link":"https:\/\/ines-co.com\/?page_id=21737","title":{"rendered":"La chirurgie intime"},"content":{"rendered":"<div class=\"wpb-content-wrapper\"><p>[vc_row][vc_column width=&#8221;1\/4&#8243;]<div id=\"1744293887292-61febcd9-ef9a\" class=\"dt-sc-empty-space\"><\/div><div id=\"1744293867661-3150727c-8fa9\" class=\"dt-sc-empty-space\"><\/div><div id=\"1744294995996-4d7f99ee-99d6\" class=\"dt-sc-empty-space\"><\/div>[vc_custom_heading text=&#8221;La chirurgie intime&#8221; font_container=&#8221;tag:p|font_size:20|text_align:justify&#8221; use_theme_fonts=&#8221;yes&#8221; css=&#8221;&#8221;]<div id=\"1744295011070-67885103-b5c8\" class=\"dt-sc-empty-space\"><\/div><div id=\"dt-1744295003964-710f20a8-0be7\" class=\"dt-custom-nav-wrapper none inline-vertical\" data-delay=\"0\" data-default-style = \"none\" data-hover-style = \"none\" data-default-decoration = \"overline\" data-hover-decoration = \"none\"><div class=\"menu-la-chirurgie-intime-container\"><ul id=\"menu-la-chirurgie-intime\" class=\"custom-sub-nav dt-custom-nav\"><li id=\"menu-item-21763\" class=\"menu-item menu-item-type-post_type menu-item-object-page menu-item-21763\"><a href=\"https:\/\/ines-co.com\/?page_id=21760\" class=\"item-has-icon icon-position-left\"><i class=\"menu-item-icon\"><\/i><span>P\u00e9noplastie d\u2019allongement<\/span><\/a><\/li>\n<li id=\"menu-item-21773\" class=\"menu-item menu-item-type-post_type menu-item-object-page menu-item-21773\"><a href=\"https:\/\/ines-co.com\/?page_id=21771\" class=\"item-has-icon icon-position-left\"><i class=\"menu-item-icon\"><\/i><span>P\u00e9noplastie d\u2019agrandissement<\/span><\/a><\/li>\n<li id=\"menu-item-21779\" class=\"menu-item menu-item-type-post_type menu-item-object-page menu-item-21779\"><a href=\"https:\/\/ines-co.com\/?page_id=21776\" class=\"item-has-icon icon-position-left\"><i class=\"menu-item-icon\"><\/i><span>La Nymphoplastie<\/span><\/a><\/li>\n<li id=\"menu-item-21784\" class=\"menu-item menu-item-type-post_type menu-item-object-page menu-item-21784\"><a href=\"https:\/\/ines-co.com\/?page_id=21782\" class=\"item-has-icon icon-position-left\"><i class=\"menu-item-icon\"><\/i><span>La Vaginoplastie<\/span><\/a><\/li>\n<li id=\"menu-item-21789\" class=\"menu-item menu-item-type-post_type menu-item-object-page menu-item-21789\"><a href=\"https:\/\/ines-co.com\/?page_id=21787\" class=\"item-has-icon icon-position-left\"><i class=\"menu-item-icon\"><\/i><span>L\u2019hym\u00e9noplastie<\/span><\/a><\/li>\n<\/ul><\/div><\/div>[\/vc_column][vc_column width=&#8221;3\/4&#8243;][vc_row_inner][vc_column_inner width=&#8221;1\/2&#8243; css=&#8221;.vc_custom_1744295121360{margin-left: 2px !important;}&#8221;]<div id=\"1744284640139-6fd5764f-ac25\" class=\"dt-sc-empty-space\"><\/div>[vc_column_text css=&#8221;&#8221;]La\u00a0<strong>chirurgie intime en Tunisie<\/strong>, \u00e9galement appel\u00e9e\u00a0<strong>chirurgie g\u00e9nitale esth\u00e9tique<\/strong>, regroupe des interventions sp\u00e9cialis\u00e9es sur les organes g\u00e9nitaux masculins et f\u00e9minins \u00e0 vis\u00e9e esth\u00e9tique, fonctionnelle ou r\u00e9paratrice. Chez INESCO Care, nous proposons des solutions discr\u00e8tes et personnalis\u00e9es pour r\u00e9pondre \u00e0 des demandes physiques, psychologiques ou culturelles. Nos\u00a0<strong>chirurgiens esth\u00e9tiques sp\u00e9cialis\u00e9s en Tunisie<\/strong>\u00a0r\u00e9alisent des interventions telles que la\u00a0<strong>p\u00e9noplastie<\/strong>, la\u00a0<strong>nymphoplastie<\/strong>, la\u00a0<strong>vaginoplastie<\/strong>\u00a0et l\u2019<strong>hym\u00e9noplastie<\/strong>\u00a0dans un cadre m\u00e9dical s\u00e9curis\u00e9 et confidentiel, avec pour objectif un\u00a0<strong>aspect naturel<\/strong>, un\u00a0<strong>confort retrouv\u00e9<\/strong>\u00a0et une\u00a0<strong>confiance en soi am\u00e9lior\u00e9e<\/strong>.[\/vc_column_text][vc_column_text css=&#8221;&#8221;]<\/p>\n<h5><strong>Pourquoi avoir recours \u00e0 la chirurgie intime ?<\/strong><\/h5>\n<p>[\/vc_column_text][vc_column_text css=&#8221;&#8221;]<\/p>\n<p class=\"ds-markdown-paragraph\">Cette chirurgie r\u00e9pond \u00e0 divers besoins, tant chez l\u2019homme que chez la femme :<\/p>\n<ul>\n<li class=\"ds-markdown-paragraph\"><strong>Am\u00e9lioration esth\u00e9tique<\/strong>\u00a0de la forme ou de la sym\u00e9trie des organes g\u00e9nitaux.<\/li>\n<li class=\"ds-markdown-paragraph\"><strong>Correction de malformations cong\u00e9nitales<\/strong>\u00a0ou de s\u00e9quelles post-traumatiques.<\/li>\n<li class=\"ds-markdown-paragraph\"><strong>Inconfort physique<\/strong>\u00a0(l\u00e8vres trop longues, rel\u00e2chement vaginal, taille p\u00e9nienne insatisfaisante).<\/li>\n<li class=\"ds-markdown-paragraph\"><strong>Inconfort psychologique<\/strong>\u00a0li\u00e9 \u00e0 l\u2019apparence ou \u00e0 l\u2019image de soi.<\/li>\n<li class=\"ds-markdown-paragraph\"><strong>Rajeunissement ou restructuration<\/strong>\u00a0suite \u00e0 des changements hormonaux, l\u2019accouchement ou le vieillissement.<\/li>\n<\/ul>\n<p>[\/vc_column_text][vc_column_text css=&#8221;&#8221;]<\/p>\n<h5><strong>\u00c0 qui s\u2019adresse cette chirurgie ?<\/strong><\/h5>\n<p>[\/vc_column_text][vc_column_text css=&#8221;&#8221;]<\/p>\n<ul>\n<li class=\"ds-markdown-paragraph\">Hommes et femmes adultes, en bonne sant\u00e9 physique et psychologique.<\/li>\n<li class=\"ds-markdown-paragraph\">Personnes pr\u00e9sentant une\u00a0<strong>asym\u00e9trie<\/strong>, une\u00a0<strong>malformation<\/strong>\u00a0ou une\u00a0<strong>taille non souhait\u00e9e<\/strong>\u00a0des organes g\u00e9nitaux.<\/li>\n<li class=\"ds-markdown-paragraph\">Femmes apr\u00e8s un ou plusieurs accouchements souhaitant une\u00a0<strong>vaginoplastie<\/strong>.<\/li>\n<li class=\"ds-markdown-paragraph\">Personnes ressentant une g\u00eane dans leur vie intime ou dans le port de certains v\u00eatements.<\/li>\n<li class=\"ds-markdown-paragraph\">Toute personne motiv\u00e9e par une am\u00e9lioration de son bien-\u00eatre et de son estime de soi.<\/li>\n<\/ul>\n<p>[\/vc_column_text]<a href='https:\/\/ines-co.com\/?page_id=21265' target='_self' title='Devis' class='dt-sc-button   medium icon-right with-icon  bordered  type2' data-delay='0' > demande de devis <\/a><div id=\"1745577569858-3c0459c5-6b08\" class=\"dt-sc-empty-space\"><\/div>[\/vc_column_inner][vc_column_inner width=&#8221;1\/2&#8243;]<div id=\"1744292901684-134d992c-3b1f\" class=\"dt-sc-empty-space\"><\/div>[vc_single_image image=&#8221;21765&#8243; img_size=&#8221;full&#8221; css=&#8221;&#8221; el_class=&#8221;custom-img-border&#8221;][vc_column_text css=&#8221;&#8221;]<\/p>\n<div class=\"wpb_text_column wpb_content_element \">\n<div class=\"wpb_wrapper\">\n<h5><strong>Interventions propos\u00e9es en chirurgie intime<\/strong><\/h5>\n<\/div>\n<\/div>\n<div class=\"wpb_text_column wpb_content_element \">\n<div class=\"wpb_wrapper\"><\/div>\n<\/div>\n<p>[\/vc_column_text][vc_column_text css=&#8221;&#8221;]<\/p>\n<div class=\"wpb_text_column wpb_content_element \">\n<div class=\"wpb_wrapper\">\n<p><strong>Chirurgie intime masculine<\/strong><\/p>\n<ul>\n<li class=\"ds-markdown-paragraph\"><strong>P\u00e9noplastie d\u2019allongement<\/strong>\u00a0: augmentation de la longueur du p\u00e9nis.<\/li>\n<li class=\"ds-markdown-paragraph\"><strong>P\u00e9noplastie d\u2019agrandissement<\/strong>\u00a0: augmentation de la circonf\u00e9rence (par lipofilling intime ou implants).<\/li>\n<li class=\"ds-markdown-paragraph\"><strong>Correction de malformations<\/strong>\u00a0(courbure, asym\u00e9trie).<\/li>\n<\/ul>\n<p><strong>Chirurgie intime f\u00e9minine<\/strong><\/p>\n<ul>\n<li class=\"ds-markdown-paragraph\"><strong>Nymphoplastie<\/strong>\u00a0: r\u00e9duction ou remodelage des petites l\u00e8vres (l\u00e8vres g\u00e9nitales trop longues ou asym\u00e9triques).<\/li>\n<li class=\"ds-markdown-paragraph\"><strong>Vaginoplastie<\/strong>\u00a0: resserrement du vagin (apr\u00e8s accouchements ou rel\u00e2chement li\u00e9 \u00e0 l\u2019\u00e2ge).<\/li>\n<li class=\"ds-markdown-paragraph\"><strong>Hym\u00e9noplastie<\/strong>\u00a0: reconstruction de l\u2019hymen (pour raisons personnelles, culturelles ou symboliques).<\/li>\n<li class=\"ds-markdown-paragraph\"><strong>Lipofilling des grandes l\u00e8vres<\/strong>\u00a0: augmentation de volume pour un rajeunissement vulvaire.<\/li>\n<li class=\"ds-markdown-paragraph\"><strong>Lifting vulvaire<\/strong>\u00a0: retrait de l\u2019exc\u00e8s de peau pour un aspect plus esth\u00e9tique.<\/li>\n<\/ul>\n<\/div>\n<\/div>\n<div class=\"wpb_text_column wpb_content_element \">\n<div class=\"wpb_wrapper\"><\/div>\n<\/div>\n<p>[\/vc_column_text][\/vc_column_inner][\/vc_row_inner][\/vc_column][\/vc_row][vc_row][vc_column width=&#8221;1\/4&#8243;]<div id=\"1745413299218-d0ed2dda-6256\" class=\"dt-sc-empty-space\"><\/div><div id=\"1745413299218-e7eec482-7d87\" class=\"dt-sc-empty-space\"><\/div><div id=\"1745413299218-d626b89d-5175\" class=\"dt-sc-empty-space\"><\/div>[\/vc_column][\/vc_row]<\/p>\n<\/div>","protected":false},"excerpt":{"rendered":"<p>[vc_row][vc_column width=&#8221;1\/4&#8243;][vc_custom_heading text=&#8221;La chirurgie intime&#8221; font_container=&#8221;tag:p|font_size:20|text_align:justify&#8221; use_theme_fonts=&#8221;yes&#8221; css=&#8221;&#8221;][\/vc_column][vc_column width=&#8221;3\/4&#8243;][vc_row_inner][vc_column_inner width=&#8221;1\/2&#8243; css=&#8221;.vc_custom_1744295121360{margin-left: 2px !important;}&#8221;][vc_column_text css=&#8221;&#8221;]La\u00a0chirurgie intime en Tunisie, \u00e9galement appel\u00e9e\u00a0chirurgie g\u00e9nitale esth\u00e9tique, regroupe des interventions sp\u00e9cialis\u00e9es sur les organes g\u00e9nitaux masculins et f\u00e9minins \u00e0 vis\u00e9e esth\u00e9tique, fonctionnelle ou r\u00e9paratrice. Chez INESCO Care, nous proposons des solutions discr\u00e8tes et personnalis\u00e9es pour r\u00e9pondre \u00e0 des demandes physiques, psychologiques [&hellip;]<\/p>\n","protected":false},"author":2,"featured_media":0,"parent":0,"menu_order":0,"comment_status":"closed","ping_status":"closed","template":"","meta":{"footnotes":""},"class_list":["post-21737","page","type-page","status-publish","hentry"],"_links":{"self":[{"href":"https:\/\/ines-co.com\/index.php?rest_route=\/wp\/v2\/pages\/21737","targetHints":{"allow":["GET"]}}],"collection":[{"href":"https:\/\/ines-co.com\/index.php?rest_route=\/wp\/v2\/pages"}],"about":[{"href":"https:\/\/ines-co.com\/index.php?rest_route=\/wp\/v2\/types\/page"}],"author":[{"embeddable":true,"href":"https:\/\/ines-co.com\/index.php?rest_route=\/wp\/v2\/users\/2"}],"replies":[{"embeddable":true,"href":"https:\/\/ines-co.com\/index.php?rest_route=%2Fwp%2Fv2%2Fcomments&post=21737"}],"version-history":[{"count":6,"href":"https:\/\/ines-co.com\/index.php?rest_route=\/wp\/v2\/pages\/21737\/revisions"}],"predecessor-version":[{"id":22338,"href":"https:\/\/ines-co.com\/index.php?rest_route=\/wp\/v2\/pages\/21737\/revisions\/22338"}],"wp:attachment":[{"href":"https:\/\/ines-co.com\/index.php?rest_route=%2Fwp%2Fv2%2Fmedia&parent=21737"}],"curies":[{"name":"wp","href":"https:\/\/api.w.org\/{rel}","templated":true}]}}