{"id":21718,"date":"2025-04-28T10:54:45","date_gmt":"2025-04-28T10:54:45","guid":{"rendered":"https:\/\/ines-co.com\/?page_id=21718"},"modified":"2026-04-07T13:45:42","modified_gmt":"2026-04-07T13:45:42","slug":"le-redrapage-mammaire","status":"publish","type":"page","link":"https:\/\/ines-co.com\/?page_id=21718","title":{"rendered":"Le\u00a0redrapage mammaire"},"content":{"rendered":"<div class=\"wpb-content-wrapper\"><p>[vc_row][vc_column width=&#8221;1\/4&#8243;]<div id=\"1744293887292-61febcd9-ef9a\" class=\"dt-sc-empty-space\"><\/div><div id=\"1744293867661-3150727c-8fa9\" class=\"dt-sc-empty-space\"><\/div><div id=\"1744294995996-4d7f99ee-99d6\" class=\"dt-sc-empty-space\"><\/div>[vc_custom_heading text=&#8221;La chirurgie esth\u00e9tique des seins&#8221; font_container=&#8221;tag:p|font_size:20|text_align:justify&#8221; use_theme_fonts=&#8221;yes&#8221; css=&#8221;&#8221;]<div id=\"1744295011070-67885103-b5c8\" class=\"dt-sc-empty-space\"><\/div><div id=\"dt-1744295003964-710f20a8-0be7\" class=\"dt-custom-nav-wrapper none inline-vertical\" data-delay=\"0\" data-default-style = \"none\" data-hover-style = \"none\" data-default-decoration = \"overline\" data-hover-decoration = \"none\"><div class=\"menu-la-chirurgie-esthetique-des-seins-container\"><ul id=\"menu-la-chirurgie-esthetique-des-seins\" class=\"custom-sub-nav dt-custom-nav\"><li id=\"menu-item-21698\" class=\"menu-item menu-item-type-post_type menu-item-object-page menu-item-21698\"><a href=\"https:\/\/ines-co.com\/?page_id=21688\" class=\"item-has-icon icon-position-left\"><i class=\"menu-item-icon\"><\/i><span>L\u2019augmentation mammaire<\/span><\/a><\/li>\n<li id=\"menu-item-21706\" class=\"menu-item menu-item-type-post_type menu-item-object-page menu-item-21706\"><a href=\"https:\/\/ines-co.com\/?page_id=21704\" class=\"item-has-icon icon-position-left\"><i class=\"menu-item-icon\"><\/i><span>La\u00a0r\u00e9duction mammaire<\/span><\/a><\/li>\n<li id=\"menu-item-21714\" class=\"menu-item menu-item-type-post_type menu-item-object-page menu-item-21714\"><a href=\"https:\/\/ines-co.com\/?page_id=21712\" class=\"item-has-icon icon-position-left\"><i class=\"menu-item-icon\"><\/i><span>Gyn\u00e9comastie pour homme<\/span><\/a><\/li>\n<li id=\"menu-item-21720\" class=\"menu-item menu-item-type-post_type menu-item-object-page menu-item-21720\"><a href=\"https:\/\/ines-co.com\/?page_id=21718\" class=\"item-has-icon icon-position-left\"><i class=\"menu-item-icon\"><\/i><span>Le\u00a0redrapage mammaire<\/span><\/a><\/li>\n<li id=\"menu-item-21729\" class=\"menu-item menu-item-type-post_type menu-item-object-page menu-item-21729\"><a href=\"https:\/\/ines-co.com\/?page_id=21724\" class=\"item-has-icon icon-position-left\"><i class=\"menu-item-icon\"><\/i><span>La reconstruction mammaire<\/span><\/a><\/li>\n<\/ul><\/div><\/div>[\/vc_column][vc_column width=&#8221;3\/4&#8243;][vc_row_inner][vc_column_inner width=&#8221;1\/2&#8243; css=&#8221;.vc_custom_1744295121360{margin-left: 2px !important;}&#8221;]<div id=\"1744284640139-6fd5764f-ac25\" class=\"dt-sc-empty-space\"><\/div>[vc_column_text css=&#8221;&#8221;]Le\u00a0<strong>redrapage mammaire en Tunisie<\/strong>, \u00e9galement appel\u00e9\u00a0<strong>mastopexie<\/strong>\u00a0ou\u00a0<strong>lifting mammaire<\/strong>, est une\u00a0<strong>intervention de chirurgie esth\u00e9tique des seins<\/strong>\u00a0visant \u00e0 corriger l\u2019<strong>affaissement des seins<\/strong>\u00a0(pt\u00f4se mammaire). Chez INESCO Care, cette intervention est r\u00e9alis\u00e9e par des\u00a0<strong>chirurgiens esth\u00e9tiques sp\u00e9cialis\u00e9s en Tunisie<\/strong>\u00a0pour remonter, raffermir et\u00a0<strong>redessiner le galbe mammaire<\/strong>. Que votre\u00a0<strong>pt\u00f4se mammaire<\/strong>\u00a0soit due \u00e0 une\u00a0<strong>grossesse<\/strong>, un\u00a0<strong>allaitement<\/strong>, une\u00a0<strong>perte de poids<\/strong>\u00a0ou au vieillissement, nous vous proposons une solution sur mesure pour retrouver des\u00a0<strong>seins fermes<\/strong>, une\u00a0<strong>silhouette harmonieuse<\/strong>\u00a0et une\u00a0<strong>poitrine repositionn\u00e9e<\/strong>\u00a0naturellement.[\/vc_column_text][vc_column_text css=&#8221;&#8221;]<\/p>\n<h5><strong>Pourquoi avoir recours \u00e0 un redrapage mammaire ?<\/strong><\/h5>\n<p>[\/vc_column_text][vc_column_text css=&#8221;&#8221;]<\/p>\n<p class=\"ds-markdown-paragraph\">Cette intervention est recommand\u00e9e pour les femmes qui pr\u00e9sentent :<\/p>\n<ul>\n<li class=\"ds-markdown-paragraph\">Une\u00a0<strong>pt\u00f4se mammaire<\/strong>\u00a0(seins tombants) avec conservation du volume.<\/li>\n<li class=\"ds-markdown-paragraph\">Une\u00a0<strong>perte de fermet\u00e9<\/strong>\u00a0et de galbe apr\u00e8s une ou plusieurs grossesses.<\/li>\n<li class=\"ds-markdown-paragraph\">Un affaissement suite \u00e0 un\u00a0<strong>allaitement<\/strong>\u00a0ou une\u00a0<strong>importante perte de poids<\/strong>.<\/li>\n<li class=\"ds-markdown-paragraph\">Un d\u00e9sir de\u00a0<strong>rajeunissement mammaire<\/strong>\u00a0sans modifier le volume.<\/li>\n<li class=\"ds-markdown-paragraph\">Une volont\u00e9 d\u2019harmoniser la silhouette en\u00a0<strong>rehaussant la poitrine<\/strong>.<\/li>\n<\/ul>\n<p>[\/vc_column_text][vc_column_text css=&#8221;&#8221;]<\/p>\n<div class=\"wpb_text_column wpb_content_element \">\n<div class=\"wpb_wrapper\">\n<h5><strong>En quoi consiste le redrapage mammaire (mastopexie) ?<\/strong><\/h5>\n<\/div>\n<\/div>\n<div class=\"wpb_text_column wpb_content_element \">\n<div class=\"wpb_wrapper\"><\/div>\n<\/div>\n<p>[\/vc_column_text][vc_column_text css=&#8221;&#8221;]<\/p>\n<div class=\"wpb_text_column wpb_content_element \">\n<div class=\"wpb_wrapper\">\n<p class=\"ds-markdown-paragraph\">La\u00a0<strong>mastopexie<\/strong>\u00a0est une intervention qui\u00a0<strong>redrape<\/strong>\u00a0la peau et les tissus pour\u00a0<strong>repositionner le sein<\/strong>\u00a0et\u00a0<strong>l\u2019ar\u00e9ole<\/strong>. Elle peut \u00eatre r\u00e9alis\u00e9e de diff\u00e9rentes mani\u00e8res selon le degr\u00e9 de pt\u00f4se :<\/p>\n<ul>\n<li class=\"ds-markdown-paragraph\"><strong>Retrait de l\u2019exc\u00e9dent cutan\u00e9<\/strong>\u00a0autour de l\u2019ar\u00e9ole et sous le sein.<\/li>\n<li class=\"ds-markdown-paragraph\"><strong>Remodelage<\/strong>\u00a0et\u00a0<strong>redrapage<\/strong>\u00a0des tissus pour un\u00a0<strong>galbe naturel retrouv\u00e9<\/strong>.<\/li>\n<li class=\"ds-markdown-paragraph\"><strong>Repositionnement de l\u2019ar\u00e9ole<\/strong>\u00a0\u00e0 une hauteur esth\u00e9tique.<\/li>\n<li class=\"ds-markdown-paragraph\"><strong>Cicatrices discr\u00e8tes<\/strong>\u00a0plac\u00e9es strat\u00e9giquement (p\u00e9rimar\u00e9olaire, verticale, sous-mammaire).<\/li>\n<\/ul>\n<\/div>\n<\/div>\n<div class=\"wpb_text_column wpb_content_element \">\n<div class=\"wpb_wrapper\"><\/div>\n<\/div>\n<p>[\/vc_column_text]<div id=\"1745577569858-3c0459c5-6b08\" class=\"dt-sc-empty-space\"><\/div>[\/vc_column_inner][vc_column_inner width=&#8221;1\/2&#8243;]<div id=\"1744292901684-134d992c-3b1f\" class=\"dt-sc-empty-space\"><\/div>[vc_single_image image=&#8221;21721&#8243; img_size=&#8221;full&#8221; css=&#8221;&#8221; el_class=&#8221;custom-img-border&#8221;][vc_column_text css=&#8221;&#8221;]<\/p>\n<div class=\"wpb_text_column wpb_content_element \">\n<div class=\"wpb_wrapper\">\n<h5><strong>Les diff\u00e9rentes techniques de mastopexie<\/strong><\/h5>\n<\/div>\n<\/div>\n<div class=\"wpb_text_column wpb_content_element \">\n<div class=\"wpb_wrapper\"><\/div>\n<\/div>\n<p>[\/vc_column_text][vc_column_text css=&#8221;&#8221;]<\/p>\n<div class=\"wpb_text_column wpb_content_element \">\n<div class=\"wpb_wrapper\">\n<p><strong>1. Mastopexie p\u00e9ri-ar\u00e9olaire (autour de l\u2019ar\u00e9ole)<\/strong><\/p>\n<ul>\n<li class=\"ds-markdown-paragraph\">Pour les pt\u00f4ses l\u00e9g\u00e8res.<\/li>\n<li class=\"ds-markdown-paragraph\">Cicatrice limit\u00e9e au pourtour de l\u2019ar\u00e9ole.<\/li>\n<\/ul>\n<p><strong>2. Mastopexie verticale (en \u00ab lollipop \u00bb)<\/strong><\/p>\n<ul>\n<li class=\"ds-markdown-paragraph\">Pour les pt\u00f4ses mod\u00e9r\u00e9es.<\/li>\n<li class=\"ds-markdown-paragraph\">Cicatrice autour de l\u2019ar\u00e9ole + une verticale jusqu\u2019au sillon sous-mammaire.<\/li>\n<\/ul>\n<p><strong>3. Mastopexie en \u00ab T invers\u00e9 \u00bb (ou ancre)<\/strong><\/p>\n<ul>\n<li class=\"ds-markdown-paragraph\">Pour les pt\u00f4ses importantes.<\/li>\n<li class=\"ds-markdown-paragraph\">Cicatrice en T invers\u00e9 : autour de l\u2019ar\u00e9ole, verticale et horizontale dans le sillon.<\/li>\n<\/ul>\n<p><strong>4. Mastopexie combin\u00e9e \u00e0 une augmentation ou r\u00e9duction mammaire<\/strong><\/p>\n<ul>\n<li class=\"ds-markdown-paragraph\">Pour corriger \u00e0 la fois la forme et le volume.<\/li>\n<li class=\"ds-markdown-paragraph\"><strong>Augmentation + lifting<\/strong>\u00a0: pour redonner du volume et de la fermet\u00e9.<\/li>\n<li class=\"ds-markdown-paragraph\"><strong>R\u00e9duction + lifting<\/strong>\u00a0: pour all\u00e9ger et remonter.<\/li>\n<\/ul>\n<\/div>\n<\/div>\n<div class=\"wpb_text_column wpb_content_element \">\n<div class=\"wpb_wrapper\"><\/div>\n<\/div>\n<p>[\/vc_column_text][vc_column_text css=&#8221;&#8221;]<\/p>\n<div class=\"wpb_text_column wpb_content_element \">\n<div class=\"wpb_wrapper\">\n<div class=\"wpb_text_column wpb_content_element \">\n<div class=\"wpb_wrapper\">\n<h5><strong>\u00c0 qui s\u2019adresse cette chirurgie ?<\/strong><\/h5>\n<\/div>\n<\/div>\n<div class=\"wpb_text_column wpb_content_element \">\n<div class=\"wpb_wrapper\"><\/div>\n<\/div>\n<\/div>\n<\/div>\n<div class=\"wpb_text_column wpb_content_element \">\n<div class=\"wpb_wrapper\"><\/div>\n<\/div>\n<p>[\/vc_column_text][vc_column_text css=&#8221;&#8221;]<\/p>\n<div class=\"wpb_text_column wpb_content_element \">\n<div class=\"wpb_wrapper\">\n<ul>\n<li class=\"ds-markdown-paragraph\">Femmes en bonne sant\u00e9, non fumeuses, avec une pt\u00f4se mammaire \u00e9tablie.<\/li>\n<li class=\"ds-markdown-paragraph\">Patientes ayant termin\u00e9 leurs projets de grossesse.<\/li>\n<li class=\"ds-markdown-paragraph\">Celles qui souhaitent retrouver une\u00a0<strong>poitrine galb\u00e9e<\/strong>\u00a0et une\u00a0<strong>silhouette f\u00e9minine harmonieuse<\/strong>.<\/li>\n<li class=\"ds-markdown-paragraph\">Personnes ayant des attentes r\u00e9alistes quant aux\u00a0<strong>cicatrices discr\u00e8tes<\/strong>\u00a0et aux r\u00e9sultats.<\/li>\n<\/ul>\n<\/div>\n<\/div>\n<div class=\"wpb_text_column wpb_content_element \">\n<div class=\"wpb_wrapper\"><\/div>\n<\/div>\n<p>[\/vc_column_text]<a href='https:\/\/ines-co.com\/?page_id=21265' target='_self' title='Devis' class='dt-sc-button   medium icon-right with-icon  bordered  type2' data-delay='0' > demande de devis <\/a>[\/vc_column_inner][\/vc_row_inner][\/vc_column][\/vc_row][vc_row][vc_column width=&#8221;1\/4&#8243;]<div id=\"1745413299218-d0ed2dda-6256\" class=\"dt-sc-empty-space\"><\/div><div id=\"1745413299218-e7eec482-7d87\" class=\"dt-sc-empty-space\"><\/div><div id=\"1745413299218-d626b89d-5175\" class=\"dt-sc-empty-space\"><\/div>[\/vc_column][\/vc_row]<\/p>\n<\/div>","protected":false},"excerpt":{"rendered":"<p>[vc_row][vc_column width=&#8221;1\/4&#8243;][vc_custom_heading text=&#8221;La chirurgie esth\u00e9tique des seins&#8221; font_container=&#8221;tag:p|font_size:20|text_align:justify&#8221; use_theme_fonts=&#8221;yes&#8221; css=&#8221;&#8221;][\/vc_column][vc_column width=&#8221;3\/4&#8243;][vc_row_inner][vc_column_inner width=&#8221;1\/2&#8243; css=&#8221;.vc_custom_1744295121360{margin-left: 2px !important;}&#8221;][vc_column_text css=&#8221;&#8221;]Le\u00a0redrapage mammaire en Tunisie, \u00e9galement appel\u00e9\u00a0mastopexie\u00a0ou\u00a0lifting mammaire, est une\u00a0intervention de chirurgie esth\u00e9tique des seins\u00a0visant \u00e0 corriger l\u2019affaissement des seins\u00a0(pt\u00f4se mammaire). Chez INESCO Care, cette intervention est r\u00e9alis\u00e9e par des\u00a0chirurgiens esth\u00e9tiques sp\u00e9cialis\u00e9s en Tunisie\u00a0pour remonter, raffermir et\u00a0redessiner le galbe mammaire. Que [&hellip;]<\/p>\n","protected":false},"author":2,"featured_media":0,"parent":0,"menu_order":0,"comment_status":"closed","ping_status":"closed","template":"","meta":{"footnotes":""},"class_list":["post-21718","page","type-page","status-publish","hentry"],"_links":{"self":[{"href":"https:\/\/ines-co.com\/index.php?rest_route=\/wp\/v2\/pages\/21718","targetHints":{"allow":["GET"]}}],"collection":[{"href":"https:\/\/ines-co.com\/index.php?rest_route=\/wp\/v2\/pages"}],"about":[{"href":"https:\/\/ines-co.com\/index.php?rest_route=\/wp\/v2\/types\/page"}],"author":[{"embeddable":true,"href":"https:\/\/ines-co.com\/index.php?rest_route=\/wp\/v2\/users\/2"}],"replies":[{"embeddable":true,"href":"https:\/\/ines-co.com\/index.php?rest_route=%2Fwp%2Fv2%2Fcomments&post=21718"}],"version-history":[{"count":4,"href":"https:\/\/ines-co.com\/index.php?rest_route=\/wp\/v2\/pages\/21718\/revisions"}],"predecessor-version":[{"id":22333,"href":"https:\/\/ines-co.com\/index.php?rest_route=\/wp\/v2\/pages\/21718\/revisions\/22333"}],"wp:attachment":[{"href":"https:\/\/ines-co.com\/index.php?rest_route=%2Fwp%2Fv2%2Fmedia&parent=21718"}],"curies":[{"name":"wp","href":"https:\/\/api.w.org\/{rel}","templated":true}]}}