{"id":21685,"date":"2025-04-28T08:26:19","date_gmt":"2025-04-28T08:26:19","guid":{"rendered":"https:\/\/ines-co.com\/?page_id=21685"},"modified":"2026-04-07T13:47:14","modified_gmt":"2026-04-07T13:47:14","slug":"la-chirurgie-esthetique-des-seins","status":"publish","type":"page","link":"https:\/\/ines-co.com\/?page_id=21685","title":{"rendered":"La chirurgie esth\u00e9tique des seins"},"content":{"rendered":"<div class=\"wpb-content-wrapper\"><p>[vc_row][vc_column width=&#8221;1\/4&#8243;]<div id=\"1744293887292-61febcd9-ef9a\" class=\"dt-sc-empty-space\"><\/div><div id=\"1744293867661-3150727c-8fa9\" class=\"dt-sc-empty-space\"><\/div><div id=\"1744294995996-4d7f99ee-99d6\" class=\"dt-sc-empty-space\"><\/div>[vc_custom_heading text=&#8221;La chirurgie esth\u00e9tique des seins&#8221; font_container=&#8221;tag:p|font_size:20|text_align:justify&#8221; use_theme_fonts=&#8221;yes&#8221; css=&#8221;&#8221;]<div id=\"1744295011070-67885103-b5c8\" class=\"dt-sc-empty-space\"><\/div><div id=\"dt-1744295003964-710f20a8-0be7\" class=\"dt-custom-nav-wrapper none inline-vertical\" data-delay=\"0\" data-default-style = \"none\" data-hover-style = \"none\" data-default-decoration = \"overline\" data-hover-decoration = \"none\"><div class=\"menu-la-chirurgie-esthetique-des-seins-container\"><ul id=\"menu-la-chirurgie-esthetique-des-seins\" class=\"custom-sub-nav dt-custom-nav\"><li id=\"menu-item-21698\" class=\"menu-item menu-item-type-post_type menu-item-object-page menu-item-21698\"><a href=\"https:\/\/ines-co.com\/?page_id=21688\" class=\"item-has-icon icon-position-left\"><i class=\"menu-item-icon\"><\/i><span>L\u2019augmentation mammaire<\/span><\/a><\/li>\n<li id=\"menu-item-21706\" class=\"menu-item menu-item-type-post_type menu-item-object-page menu-item-21706\"><a href=\"https:\/\/ines-co.com\/?page_id=21704\" class=\"item-has-icon icon-position-left\"><i class=\"menu-item-icon\"><\/i><span>La\u00a0r\u00e9duction mammaire<\/span><\/a><\/li>\n<li id=\"menu-item-21714\" class=\"menu-item menu-item-type-post_type menu-item-object-page menu-item-21714\"><a href=\"https:\/\/ines-co.com\/?page_id=21712\" class=\"item-has-icon icon-position-left\"><i class=\"menu-item-icon\"><\/i><span>Gyn\u00e9comastie pour homme<\/span><\/a><\/li>\n<li id=\"menu-item-21720\" class=\"menu-item menu-item-type-post_type menu-item-object-page menu-item-21720\"><a href=\"https:\/\/ines-co.com\/?page_id=21718\" class=\"item-has-icon icon-position-left\"><i class=\"menu-item-icon\"><\/i><span>Le\u00a0redrapage mammaire<\/span><\/a><\/li>\n<li id=\"menu-item-21729\" class=\"menu-item menu-item-type-post_type menu-item-object-page menu-item-21729\"><a href=\"https:\/\/ines-co.com\/?page_id=21724\" class=\"item-has-icon icon-position-left\"><i class=\"menu-item-icon\"><\/i><span>La reconstruction mammaire<\/span><\/a><\/li>\n<\/ul><\/div><\/div>[\/vc_column][vc_column width=&#8221;3\/4&#8243;][vc_row_inner][vc_column_inner width=&#8221;1\/2&#8243; css=&#8221;.vc_custom_1744295121360{margin-left: 2px !important;}&#8221;]<div id=\"1744284640139-6fd5764f-ac25\" class=\"dt-sc-empty-space\"><\/div>[vc_column_text css=&#8221;&#8221;]La\u00a0<strong>chirurgie esth\u00e9tique des seins en Tunisie<\/strong>\u00a0est une sp\u00e9cialit\u00e9 avanc\u00e9e de la\u00a0<strong>chirurgie plastique<\/strong>\u00a0qui permet de corriger, remodeler et am\u00e9liorer la forme, le volume et la sym\u00e9trie de la poitrine. Que vous souhaitiez augmenter, r\u00e9duire, remonter ou reconstruire vos seins, INESCO Care propose des interventions personnalis\u00e9es r\u00e9alis\u00e9es par des\u00a0<strong>chirurgiens esth\u00e9tiques sp\u00e9cialis\u00e9s en Tunisie<\/strong>. Des techniques modernes comme l\u2019<strong>augmentation mammaire<\/strong>\u00a0par\u00a0<strong>implants<\/strong>\u00a0ou\u00a0<strong>lipofilling<\/strong>, la\u00a0<strong>r\u00e9duction mammaire<\/strong>, le\u00a0<strong>lifting mammaire<\/strong>\u00a0ou la\u00a0<strong>chirurgie reconstructrice<\/strong>\u00a0permettent d\u2019obtenir des\u00a0<strong>seins harmonieux<\/strong>\u00a0et un\u00a0<strong>r\u00e9sultat naturel<\/strong>, pour une\u00a0<strong>silhouette f\u00e9minine \u00e9quilibr\u00e9e<\/strong>.[\/vc_column_text][vc_column_text css=&#8221;&#8221;]<\/p>\n<h5><strong>Pourquoi avoir recours \u00e0 la chirurgie des seins ?<\/strong><\/h5>\n<p>[\/vc_column_text][vc_column_text css=&#8221;&#8221;]<\/p>\n<p class=\"ds-markdown-paragraph\">La\u00a0<strong>chirurgie esth\u00e9tique et r\u00e9paratrice du sein<\/strong>\u00a0r\u00e9pond \u00e0 de nombreuses situations :<\/p>\n<ul>\n<li class=\"ds-markdown-paragraph\"><strong>Augmentation mammaire<\/strong>\u00a0: pour les\u00a0<strong>seins trop petits<\/strong>\u00a0ou manquant de volume.<\/li>\n<li class=\"ds-markdown-paragraph\"><strong>R\u00e9duction mammaire<\/strong>\u00a0: pour les\u00a0<strong>seins trop volumineux<\/strong>\u00a0et inconfortables.<\/li>\n<li class=\"ds-markdown-paragraph\"><strong>Lifting mammaire (redrapage)<\/strong>\u00a0: pour corriger la\u00a0<strong>ptose mammaire<\/strong>\u00a0(seins tombants).<\/li>\n<li class=\"ds-markdown-paragraph\"><strong>Gyn\u00e9comastie<\/strong>\u00a0: r\u00e9duction du volume des seins chez l\u2019homme.<\/li>\n<li class=\"ds-markdown-paragraph\"><strong>Chirurgie reconstructrice<\/strong>\u00a0: apr\u00e8s un\u00a0<strong>cancer du sein<\/strong>\u00a0ou pour corriger des\u00a0<strong>malformations mammaires<\/strong>\u00a0(seins tub\u00e9reux, asym\u00e9trie mammaire, syndrome de Poland, pectum excavatum).<\/li>\n<\/ul>\n<p>[\/vc_column_text]<a href='https:\/\/ines-co.com\/?page_id=21265' target='_self' title='Devis' class='dt-sc-button   medium icon-right with-icon  bordered  type2' data-delay='0' > demande de devis <\/a><div id=\"1745577569858-3c0459c5-6b08\" class=\"dt-sc-empty-space\"><\/div>[\/vc_column_inner][vc_column_inner width=&#8221;1\/2&#8243;]<div id=\"1744292901684-134d992c-3b1f\" class=\"dt-sc-empty-space\"><\/div>[vc_single_image image=&#8221;22128&#8243; img_size=&#8221;full&#8221; css=&#8221;&#8221; el_class=&#8221;custom-img-border&#8221;][vc_column_text css=&#8221;&#8221;]<\/p>\n<div class=\"wpb_text_column wpb_content_element \">\n<div class=\"wpb_wrapper\">\n<h5><strong>\u00c0 qui s\u2019adressent ces interventions ?<\/strong><\/h5>\n<\/div>\n<\/div>\n<p>[\/vc_column_text][vc_column_text css=&#8221;&#8221;]<\/p>\n<div class=\"wpb_text_column wpb_content_element \">\n<div class=\"wpb_wrapper\">\n<p class=\"ds-markdown-paragraph\">Ces interventions sont recommand\u00e9es aux personnes :<\/p>\n<ul>\n<li class=\"ds-markdown-paragraph\">Insatisfaites de la taille, forme ou position de leurs seins.<\/li>\n<li class=\"ds-markdown-paragraph\">Souffrant de douleurs dorsales ou de complexes dus \u00e0 une poitrine trop volumineuse.<\/li>\n<li class=\"ds-markdown-paragraph\">Ayant subi une perte de volume ou un affaissement apr\u00e8s grossesse, allaitement ou perte de poids.<\/li>\n<li class=\"ds-markdown-paragraph\">Pr\u00e9sentant une\u00a0<strong>asym\u00e9trie mammaire<\/strong>\u00a0ou une\u00a0<strong>malformation cong\u00e9nitale<\/strong>.<\/li>\n<li class=\"ds-markdown-paragraph\">Ayant subi une ablation du sein et souhaitant une\u00a0<strong>reconstruction mammaire<\/strong>.<\/li>\n<li class=\"ds-markdown-paragraph\">Hommes concern\u00e9s par une\u00a0<strong>gyn\u00e9comastie<\/strong>.<\/li>\n<\/ul>\n<\/div>\n<\/div>\n<p>[\/vc_column_text][\/vc_column_inner][\/vc_row_inner][\/vc_column][\/vc_row][vc_row][vc_column width=&#8221;1\/4&#8243;]<div id=\"1745413299218-d0ed2dda-6256\" class=\"dt-sc-empty-space\"><\/div><div id=\"1745413299218-e7eec482-7d87\" class=\"dt-sc-empty-space\"><\/div><div id=\"1745413299218-d626b89d-5175\" class=\"dt-sc-empty-space\"><\/div>[\/vc_column][\/vc_row]<\/p>\n<\/div>","protected":false},"excerpt":{"rendered":"<p>[vc_row][vc_column width=&#8221;1\/4&#8243;][vc_custom_heading text=&#8221;La chirurgie esth\u00e9tique des seins&#8221; font_container=&#8221;tag:p|font_size:20|text_align:justify&#8221; use_theme_fonts=&#8221;yes&#8221; css=&#8221;&#8221;][\/vc_column][vc_column width=&#8221;3\/4&#8243;][vc_row_inner][vc_column_inner width=&#8221;1\/2&#8243; css=&#8221;.vc_custom_1744295121360{margin-left: 2px !important;}&#8221;][vc_column_text css=&#8221;&#8221;]La\u00a0chirurgie esth\u00e9tique des seins en Tunisie\u00a0est une sp\u00e9cialit\u00e9 avanc\u00e9e de la\u00a0chirurgie plastique\u00a0qui permet de corriger, remodeler et am\u00e9liorer la forme, le volume et la sym\u00e9trie de la poitrine. Que vous souhaitiez augmenter, r\u00e9duire, remonter ou reconstruire vos seins, INESCO Care [&hellip;]<\/p>\n","protected":false},"author":2,"featured_media":0,"parent":0,"menu_order":0,"comment_status":"closed","ping_status":"closed","template":"","meta":{"footnotes":""},"class_list":["post-21685","page","type-page","status-publish","hentry"],"_links":{"self":[{"href":"https:\/\/ines-co.com\/index.php?rest_route=\/wp\/v2\/pages\/21685","targetHints":{"allow":["GET"]}}],"collection":[{"href":"https:\/\/ines-co.com\/index.php?rest_route=\/wp\/v2\/pages"}],"about":[{"href":"https:\/\/ines-co.com\/index.php?rest_route=\/wp\/v2\/types\/page"}],"author":[{"embeddable":true,"href":"https:\/\/ines-co.com\/index.php?rest_route=\/wp\/v2\/users\/2"}],"replies":[{"embeddable":true,"href":"https:\/\/ines-co.com\/index.php?rest_route=%2Fwp%2Fv2%2Fcomments&post=21685"}],"version-history":[{"count":9,"href":"https:\/\/ines-co.com\/index.php?rest_route=\/wp\/v2\/pages\/21685\/revisions"}],"predecessor-version":[{"id":22337,"href":"https:\/\/ines-co.com\/index.php?rest_route=\/wp\/v2\/pages\/21685\/revisions\/22337"}],"wp:attachment":[{"href":"https:\/\/ines-co.com\/index.php?rest_route=%2Fwp%2Fv2%2Fmedia&parent=21685"}],"curies":[{"name":"wp","href":"https:\/\/api.w.org\/{rel}","templated":true}]}}