{"id":21675,"date":"2025-04-25T10:44:43","date_gmt":"2025-04-25T10:44:43","guid":{"rendered":"https:\/\/ines-co.com\/?page_id=21675"},"modified":"2026-04-07T13:42:51","modified_gmt":"2026-04-07T13:42:51","slug":"abdominoplastie","status":"publish","type":"page","link":"https:\/\/ines-co.com\/?page_id=21675","title":{"rendered":"Abdominoplastie"},"content":{"rendered":"<div class=\"wpb-content-wrapper\"><p>[vc_row][vc_column width=&#8221;1\/4&#8243;]<div id=\"1744293887292-61febcd9-ef9a\" class=\"dt-sc-empty-space\"><\/div><div id=\"1744293867661-3150727c-8fa9\" class=\"dt-sc-empty-space\"><\/div><div id=\"1744294995996-4d7f99ee-99d6\" class=\"dt-sc-empty-space\"><\/div>[vc_custom_heading text=&#8221;Chirurgies du Corps&#8221; font_container=&#8221;tag:p|font_size:20|text_align:justify&#8221; use_theme_fonts=&#8221;yes&#8221; css=&#8221;&#8221;]<div id=\"1744295011070-67885103-b5c8\" class=\"dt-sc-empty-space\"><\/div><div id=\"dt-1744295003964-710f20a8-0be7\" class=\"dt-custom-nav-wrapper none inline-vertical\" data-delay=\"0\" data-default-style = \"none\" data-hover-style = \"none\" data-default-decoration = \"overline\" data-hover-decoration = \"none\"><div class=\"menu-chirurgies-du-corps-container\"><ul id=\"menu-chirurgies-du-corps\" class=\"custom-sub-nav dt-custom-nav\"><li id=\"menu-item-21658\" class=\"menu-item menu-item-type-post_type menu-item-object-page menu-item-21658\"><a href=\"https:\/\/ines-co.com\/?page_id=21649\" class=\"item-has-icon icon-position-left\"><i class=\"menu-item-icon\"><\/i><span>Liposuccion<\/span><\/a><\/li>\n<li id=\"menu-item-21662\" class=\"menu-item menu-item-type-post_type menu-item-object-page menu-item-21662\"><a href=\"https:\/\/ines-co.com\/?page_id=21660\" class=\"item-has-icon icon-position-left\"><i class=\"menu-item-icon\"><\/i><span>Lifting<\/span><\/a><\/li>\n<li id=\"menu-item-21673\" class=\"menu-item menu-item-type-post_type menu-item-object-page menu-item-21673\"><a href=\"https:\/\/ines-co.com\/?page_id=21671\" class=\"item-has-icon icon-position-left\"><i class=\"menu-item-icon\"><\/i><span>La chirurgie des fesses<\/span><\/a><\/li>\n<li id=\"menu-item-21677\" class=\"menu-item menu-item-type-post_type menu-item-object-page menu-item-21677\"><a href=\"https:\/\/ines-co.com\/?page_id=21675\" class=\"item-has-icon icon-position-left\"><i class=\"menu-item-icon\"><\/i><span>Abdominoplastie<\/span><\/a><\/li>\n<\/ul><\/div><\/div>[\/vc_column][vc_column width=&#8221;3\/4&#8243;][vc_row_inner][vc_column_inner width=&#8221;1\/2&#8243; css=&#8221;.vc_custom_1744295121360{margin-left: 2px !important;}&#8221;]<div id=\"1744284640139-6fd5764f-ac25\" class=\"dt-sc-empty-space\"><\/div>[vc_column_text css=&#8221;&#8221;]<\/p>\n<p data-start=\"554\" data-end=\"1020\">L\u2019<strong data-start=\"556\" data-end=\"586\">abdominoplastie en Tunisie<\/strong>, aussi appel\u00e9e <strong data-start=\"602\" data-end=\"636\">chirurgie esth\u00e9tique du ventre<\/strong>, est une intervention chirurgicale visant \u00e0 retirer l\u2019exc\u00e8s de peau et de graisse abdominale tout en restaurant la tonicit\u00e9 des muscles de l\u2019abdomen.<br data-start=\"786\" data-end=\"789\" \/>Cette <strong data-start=\"795\" data-end=\"829\">chirurgie du ventre en Tunisie<\/strong> est particuli\u00e8rement indiqu\u00e9e en cas de <strong data-start=\"870\" data-end=\"888\">ventre rel\u00e2ch\u00e9<\/strong>, de <strong data-start=\"893\" data-end=\"914\">tablier abdominal<\/strong> ou de <strong data-start=\"921\" data-end=\"957\">diastasis des muscles abdominaux<\/strong>, souvent apr\u00e8s une grossesse ou une perte de poids importante.<\/p>\n<p data-start=\"1022\" data-end=\"1201\">Chez <strong data-start=\"1027\" data-end=\"1042\">INESCO Care<\/strong>, l\u2019abdominoplastie est r\u00e9alis\u00e9e dans des conditions de <strong data-start=\"1098\" data-end=\"1121\">chirurgie s\u00e9curis\u00e9e<\/strong>, avec un accompagnement m\u00e9dical complet avant, pendant et apr\u00e8s l\u2019intervention.<\/p>\n<p>[\/vc_column_text][vc_custom_heading text=&#8221;D\u00e9finition : qu\u2019est-ce que l\u2019abdominoplastie ou plastie abdominale ?&#8221; font_container=&#8221;tag:h6|text_align:left&#8221; css=&#8221;&#8221;][vc_column_text css=&#8221;&#8221;]<\/p>\n<p data-start=\"1267\" data-end=\"1363\">L\u2019<strong data-start=\"1269\" data-end=\"1288\">abdominoplastie<\/strong> est une <strong data-start=\"1297\" data-end=\"1347\">intervention de chirurgie esth\u00e9tique du ventre<\/strong> qui permet de :<\/p>\n<ul>\n<li data-start=\"1366\" data-end=\"1410\">Corriger un <strong data-start=\"1378\" data-end=\"1410\">rel\u00e2chement cutan\u00e9 important<\/strong><\/li>\n<li data-start=\"1413\" data-end=\"1467\">\u00c9liminer un <strong data-start=\"1425\" data-end=\"1467\">exc\u00e8s de peau et de graisse abdominale<\/strong><\/li>\n<li data-start=\"1470\" data-end=\"1517\">R\u00e9parer le <strong data-start=\"1481\" data-end=\"1517\">diastasis des muscles abdominaux<\/strong><\/li>\n<li data-start=\"1470\" data-end=\"1517\">Retrouver un ventre plus plat et harmonieux<\/li>\n<\/ul>\n<p data-start=\"1565\" data-end=\"1698\">Cette intervention est souvent recommand\u00e9e lorsque le sport et les r\u00e9gimes ne suffisent plus \u00e0 corriger les d\u00e9formations abdominales.<\/p>\n<p>[\/vc_column_text]<div id=\"1745577569858-3c0459c5-6b08\" class=\"dt-sc-empty-space\"><\/div>[\/vc_column_inner][vc_column_inner width=&#8221;1\/2&#8243;]<div id=\"1744292901684-134d992c-3b1f\" class=\"dt-sc-empty-space\"><\/div>[vc_single_image image=&#8221;22113&#8243; img_size=&#8221;full&#8221; css=&#8221;&#8221; el_class=&#8221;custom-img-border&#8221;][vc_custom_heading text=&#8221;Types de proc\u00e9dures d&#8217;abdominoplastie&#8221; font_container=&#8221;tag:h6|text_align:left&#8221; css=&#8221;&#8221;][vc_column_text css=&#8221;&#8221;]<\/p>\n<p data-start=\"2235\" data-end=\"2299\">Il existe plusieurs techniques adapt\u00e9es aux besoins du patient :<\/p>\n<ul>\n<li data-start=\"2301\" data-end=\"2332\"><strong>Abdominoplastie compl\u00e8te :<\/strong><\/li>\n<\/ul>\n<p data-start=\"2333\" data-end=\"2441\">Corrige l\u2019exc\u00e8s de peau et de graisse sur l\u2019ensemble de l\u2019abdomen, avec r\u00e9paration musculaire si n\u00e9cessaire.<\/p>\n<ul>\n<li data-start=\"2443\" data-end=\"2470\"><strong>Mini abdominoplastie :<\/strong><\/li>\n<\/ul>\n<p data-start=\"2471\" data-end=\"2526\">Indiqu\u00e9e pour un exc\u00e8s mod\u00e9r\u00e9 localis\u00e9 sous le nombril.<\/p>\n<ul>\n<li data-start=\"2528\" data-end=\"2558\"><strong>Abdominoplastie \u00e9largie :<\/strong><\/li>\n<\/ul>\n<p data-start=\"2559\" data-end=\"2631\">Traite \u00e9galement les flancs pour un remodelage complet de la silhouette.<\/p>\n<ul>\n<li data-start=\"2633\" data-end=\"2668\"><strong>Abdominoplastie Fleur-de-Lis :<\/strong><\/li>\n<\/ul>\n<p data-start=\"2669\" data-end=\"2745\">Recommand\u00e9e apr\u00e8s une perte de poids massive avec un exc\u00e8s cutan\u00e9 important.<\/p>\n<p>[\/vc_column_text][vc_custom_heading text=&#8221;Qui peut avoir recours \u00e0 cette chirurgie du ventre ?&#8221; font_container=&#8221;tag:h6|text_align:left&#8221; css=&#8221;&#8221;][vc_column_text css=&#8221;&#8221;]<\/p>\n<p data-start=\"1764\" data-end=\"1833\">L\u2019<strong data-start=\"1766\" data-end=\"1796\">abdominoplastie en Tunisie<\/strong> s\u2019adresse aux personnes pr\u00e9sentant :<\/p>\n<ul>\n<li data-start=\"1836\" data-end=\"1857\">Un <strong data-start=\"1839\" data-end=\"1857\">ventre rel\u00e2ch\u00e9<\/strong><\/li>\n<li data-start=\"1860\" data-end=\"1884\">Un <strong data-start=\"1863\" data-end=\"1884\">tablier abdominal<\/strong><\/li>\n<li data-start=\"1887\" data-end=\"1929\">Une peau distendue apr\u00e8s une <strong data-start=\"1916\" data-end=\"1929\">grossesse<\/strong><\/li>\n<li data-start=\"1932\" data-end=\"1961\">Une perte de poids importante<\/li>\n<li data-start=\"1964\" data-end=\"1990\">Un <strong data-start=\"1967\" data-end=\"1990\">diastasis abdominal<\/strong><\/li>\n<li data-start=\"1993\" data-end=\"2035\">Des vergetures associ\u00e9es \u00e0 un exc\u00e8s cutan\u00e9<\/li>\n<\/ul>\n<p data-start=\"2037\" data-end=\"2178\">L\u2019<strong data-start=\"2042\" data-end=\"2077\">abdominoplastie apr\u00e8s grossesse<\/strong> est l\u2019une des indications les plus fr\u00e9quentes, notamment lorsque la paroi abdominale est fragilis\u00e9e.<\/p>\n<p>[\/vc_column_text]<a href='https:\/\/ines-co.com\/?page_id=21265' target='_self' title='Devis' class='dt-sc-button   medium icon-right with-icon  bordered  type2' data-delay='0' > demande de devis <\/a>[\/vc_column_inner][\/vc_row_inner][\/vc_column][\/vc_row][vc_row][vc_column width=&#8221;1\/4&#8243;]<div id=\"1745413299218-d0ed2dda-6256\" class=\"dt-sc-empty-space\"><\/div><div id=\"1745413299218-e7eec482-7d87\" class=\"dt-sc-empty-space\"><\/div><div id=\"1745413299218-d626b89d-5175\" class=\"dt-sc-empty-space\"><\/div>[\/vc_column][\/vc_row]<\/p>\n<\/div>","protected":false},"excerpt":{"rendered":"<p>[vc_row][vc_column width=&#8221;1\/4&#8243;][vc_custom_heading text=&#8221;Chirurgies du Corps&#8221; font_container=&#8221;tag:p|font_size:20|text_align:justify&#8221; use_theme_fonts=&#8221;yes&#8221; css=&#8221;&#8221;][\/vc_column][vc_column width=&#8221;3\/4&#8243;][vc_row_inner][vc_column_inner width=&#8221;1\/2&#8243; css=&#8221;.vc_custom_1744295121360{margin-left: 2px !important;}&#8221;][vc_column_text css=&#8221;&#8221;] L\u2019abdominoplastie en Tunisie, aussi appel\u00e9e chirurgie esth\u00e9tique du ventre, est une intervention chirurgicale visant \u00e0 retirer l\u2019exc\u00e8s de peau et de graisse abdominale tout en restaurant la tonicit\u00e9 des muscles de l\u2019abdomen.Cette chirurgie du ventre en Tunisie est particuli\u00e8rement indiqu\u00e9e en [&hellip;]<\/p>\n","protected":false},"author":2,"featured_media":0,"parent":0,"menu_order":0,"comment_status":"closed","ping_status":"closed","template":"","meta":{"footnotes":""},"class_list":["post-21675","page","type-page","status-publish","hentry"],"_links":{"self":[{"href":"https:\/\/ines-co.com\/index.php?rest_route=\/wp\/v2\/pages\/21675","targetHints":{"allow":["GET"]}}],"collection":[{"href":"https:\/\/ines-co.com\/index.php?rest_route=\/wp\/v2\/pages"}],"about":[{"href":"https:\/\/ines-co.com\/index.php?rest_route=\/wp\/v2\/types\/page"}],"author":[{"embeddable":true,"href":"https:\/\/ines-co.com\/index.php?rest_route=\/wp\/v2\/users\/2"}],"replies":[{"embeddable":true,"href":"https:\/\/ines-co.com\/index.php?rest_route=%2Fwp%2Fv2%2Fcomments&post=21675"}],"version-history":[{"count":12,"href":"https:\/\/ines-co.com\/index.php?rest_route=\/wp\/v2\/pages\/21675\/revisions"}],"predecessor-version":[{"id":22328,"href":"https:\/\/ines-co.com\/index.php?rest_route=\/wp\/v2\/pages\/21675\/revisions\/22328"}],"wp:attachment":[{"href":"https:\/\/ines-co.com\/index.php?rest_route=%2Fwp%2Fv2%2Fmedia&parent=21675"}],"curies":[{"name":"wp","href":"https:\/\/api.w.org\/{rel}","templated":true}]}}