{"id":21671,"date":"2025-04-25T10:42:07","date_gmt":"2025-04-25T10:42:07","guid":{"rendered":"https:\/\/ines-co.com\/?page_id=21671"},"modified":"2026-04-07T13:43:08","modified_gmt":"2026-04-07T13:43:08","slug":"la-chirurgie-des-fesses","status":"publish","type":"page","link":"https:\/\/ines-co.com\/?page_id=21671","title":{"rendered":"La chirurgie des fesses"},"content":{"rendered":"<div class=\"wpb-content-wrapper\"><p>[vc_row][vc_column width=&#8221;1\/4&#8243;]<div id=\"1744293887292-61febcd9-ef9a\" class=\"dt-sc-empty-space\"><\/div><div id=\"1744293867661-3150727c-8fa9\" class=\"dt-sc-empty-space\"><\/div><div id=\"1744294995996-4d7f99ee-99d6\" class=\"dt-sc-empty-space\"><\/div>[vc_custom_heading text=&#8221;Chirurgies du Corps&#8221; font_container=&#8221;tag:p|font_size:20|text_align:justify&#8221; use_theme_fonts=&#8221;yes&#8221; css=&#8221;&#8221;]<div id=\"1744295011070-67885103-b5c8\" class=\"dt-sc-empty-space\"><\/div><div id=\"dt-1744295003964-710f20a8-0be7\" class=\"dt-custom-nav-wrapper none inline-vertical\" data-delay=\"0\" data-default-style = \"none\" data-hover-style = \"none\" data-default-decoration = \"overline\" data-hover-decoration = \"none\"><div class=\"menu-chirurgies-du-corps-container\"><ul id=\"menu-chirurgies-du-corps\" class=\"custom-sub-nav dt-custom-nav\"><li id=\"menu-item-21658\" class=\"menu-item menu-item-type-post_type menu-item-object-page menu-item-21658\"><a href=\"https:\/\/ines-co.com\/?page_id=21649\" class=\"item-has-icon icon-position-left\"><i class=\"menu-item-icon\"><\/i><span>Liposuccion<\/span><\/a><\/li>\n<li id=\"menu-item-21662\" class=\"menu-item menu-item-type-post_type menu-item-object-page menu-item-21662\"><a href=\"https:\/\/ines-co.com\/?page_id=21660\" class=\"item-has-icon icon-position-left\"><i class=\"menu-item-icon\"><\/i><span>Lifting<\/span><\/a><\/li>\n<li id=\"menu-item-21673\" class=\"menu-item menu-item-type-post_type menu-item-object-page menu-item-21673\"><a href=\"https:\/\/ines-co.com\/?page_id=21671\" class=\"item-has-icon icon-position-left\"><i class=\"menu-item-icon\"><\/i><span>La chirurgie des fesses<\/span><\/a><\/li>\n<li id=\"menu-item-21677\" class=\"menu-item menu-item-type-post_type menu-item-object-page menu-item-21677\"><a href=\"https:\/\/ines-co.com\/?page_id=21675\" class=\"item-has-icon icon-position-left\"><i class=\"menu-item-icon\"><\/i><span>Abdominoplastie<\/span><\/a><\/li>\n<\/ul><\/div><\/div>[\/vc_column][vc_column width=&#8221;3\/4&#8243;][vc_row_inner][vc_column_inner width=&#8221;1\/2&#8243; css=&#8221;.vc_custom_1744295121360{margin-left: 2px !important;}&#8221;]<div id=\"1744284640139-6fd5764f-ac25\" class=\"dt-sc-empty-space\"><\/div>[vc_column_text css=&#8221;&#8221;]La\u00a0<strong>chirurgie des fesses en Tunisie<\/strong>\u00a0regroupe un ensemble d\u2019<strong>interventions de chirurgie esth\u00e9tique du corps<\/strong>\u00a0visant \u00e0 remodeler, augmenter ou redessiner la silhouette fessi\u00e8re. Que vous souhaitiez corriger des\u00a0<strong>fesses plates<\/strong>, remonter des\u00a0<strong>fesses tombantes<\/strong>, \u00e9liminer la\u00a0<strong>culotte de cheval<\/strong>\u00a0ou simplement obtenir un\u00a0<strong>volume fessier<\/strong>\u00a0plus g\u00e9n\u00e9reux, INESCO Care vous propose des solutions adapt\u00e9es. Nos\u00a0<strong>chirurgiens esth\u00e9tiques sp\u00e9cialis\u00e9s en Tunisie<\/strong>\u00a0ma\u00eetrisent les techniques les plus modernes telles que le\u00a0<strong>Lipofilling fessier (BBL)<\/strong>, les\u00a0<strong>implants fessiers<\/strong>\u00a0ou le\u00a0<strong>lifting des fesses<\/strong>, pour un\u00a0<strong>profil des fesses am\u00e9lior\u00e9<\/strong>\u00a0et une\u00a0<strong>silhouette harmonieuse<\/strong>, avec des\u00a0<strong>r\u00e9sultats naturels<\/strong>.[\/vc_column_text]<div id=\"1745577569858-3c0459c5-6b08\" class=\"dt-sc-empty-space\"><\/div>[vc_column_text css=&#8221;&#8221;]<\/p>\n<h4>Qu\u2019est-ce que la chirurgie des fesses ?<\/h4>\n<p>[\/vc_column_text][vc_column_text css=&#8221;&#8221;]<\/p>\n<p class=\"ds-markdown-paragraph\">La\u00a0<strong>chirurgie des fesses<\/strong>\u00a0est une sp\u00e9cialit\u00e9 de la\u00a0<strong>chirurgie plastique<\/strong>\u00a0et du\u00a0<strong>remodelage corporel<\/strong>\u00a0qui permet de :<\/p>\n<ul>\n<li class=\"ds-markdown-paragraph\"><strong>Augmenter le volume<\/strong>\u00a0des fesses par ajout de graisse (<strong>BBL<\/strong>) ou d\u2019implants.<\/li>\n<li class=\"ds-markdown-paragraph\"><strong>Remonter et raffermir<\/strong>\u00a0les fesses tombantes gr\u00e2ce \u00e0 un\u00a0<strong>lifting des fesses<\/strong>.<\/li>\n<li class=\"ds-markdown-paragraph\"><strong>Corriger les asym\u00e9tries<\/strong>\u00a0et am\u00e9liorer la forme globale.<\/li>\n<li class=\"ds-markdown-paragraph\"><strong>Traiter la culotte de cheval<\/strong>\u00a0et harmoniser la transition entre hanches et cuisses.<\/li>\n<li class=\"ds-markdown-paragraph\"><strong>Redessiner la silhouette<\/strong>\u00a0pour un \u00e9quilibre esth\u00e9tique global.<\/li>\n<\/ul>\n<p class=\"ds-markdown-paragraph\">Elle rel\u00e8ve tant de la\u00a0<strong>chirurgie esth\u00e9tique du corps<\/strong>\u00a0que de la\u00a0<strong>m\u00e9decine esth\u00e9tique<\/strong>\u00a0pour les techniques non chirurgicales.<\/p>\n<p>[\/vc_column_text][\/vc_column_inner][vc_column_inner width=&#8221;1\/2&#8243;]<div id=\"1744292901684-134d992c-3b1f\" class=\"dt-sc-empty-space\"><\/div>[vc_single_image image=&#8221;22111&#8243; img_size=&#8221;full&#8221; css=&#8221;&#8221; el_class=&#8221;custom-img-border&#8221;][vc_column_text css=&#8221;&#8221;]<\/p>\n<h4>Les techniques de chirurgie des fesses propos\u00e9es :<\/h4>\n<p>[\/vc_column_text][vc_column_text css=&#8221;&#8221;]<\/p>\n<h5><strong>1. Lipofilling fessier (Brazilian Butt Lift &#8211; BBL) :<\/strong><\/h5>\n<p class=\"ds-markdown-paragraph\">Technique de\u00a0<strong>remodelage corporel<\/strong>\u00a0qui consiste \u00e0 pr\u00e9lever de la graisse sur d\u2019autres zones du corps (ventre, cuisses) par\u00a0<strong>liposuccion<\/strong>, puis \u00e0 la r\u00e9injecter dans les fesses. Id\u00e9al pour un\u00a0<strong>volume naturel<\/strong>\u00a0et une\u00a0<strong>silhouette harmonieuse<\/strong>.<\/p>\n<h5><strong>2. Implants fessiers :<\/strong><\/h5>\n<p class=\"ds-markdown-paragraph\">Pose de\u00a0<strong>proth\u00e8ses en silicone<\/strong>\u00a0pour augmenter durablement le\u00a0<strong>volume fessier<\/strong>. Adapt\u00e9 aux personnes manquant de graisse disponible pour un lipofilling.<\/p>\n<h5><strong>3. Lifting des fesses :<\/strong><\/h5>\n<p class=\"ds-markdown-paragraph\">Intervention chirurgicale qui retire l\u2019exc\u00e8s de peau et remonte les tissus pour corriger les\u00a0<strong>fesses tombantes<\/strong>\u00a0et att\u00e9nuer la\u00a0<strong>culotte de cheval<\/strong>. Donne des\u00a0<strong>fesses plus fermes<\/strong>\u00a0et un contour redessin\u00e9.<\/p>\n<h5><strong>4. Injections d\u2019acide hyaluronique :<\/strong><\/h5>\n<p class=\"ds-markdown-paragraph\">Alternative\u00a0<strong>non chirurgicale<\/strong>\u00a0en\u00a0<strong>m\u00e9decine esth\u00e9tique<\/strong>\u00a0pour augmenter l\u00e9g\u00e8rement le volume et am\u00e9liorer la forme, avec des r\u00e9sultats temporaires et peu de\u00a0<strong>temps de r\u00e9cup\u00e9ration<\/strong>.<\/p>\n<p>[\/vc_column_text][vc_column_text css=&#8221;&#8221;]<\/p>\n<h4>\u00c0 qui s\u2019adresse la chirurgie des fesses ?<\/h4>\n<p>[\/vc_column_text][vc_column_text css=&#8221;&#8221;]<\/p>\n<p class=\"ds-markdown-paragraph\">Ces interventions sont recommand\u00e9es pour :<\/p>\n<ul>\n<li class=\"ds-markdown-paragraph\">Les personnes ayant des\u00a0<strong>fesses plates<\/strong>\u00a0ou un\u00a0<strong>manque de volume<\/strong>\u00a0cong\u00e9nital.<\/li>\n<li class=\"ds-markdown-paragraph\">Celles qui pr\u00e9sentent un\u00a0<strong>rel\u00e2chement cutan\u00e9<\/strong>\u00a0et des\u00a0<strong>fesses tombantes<\/strong>\u00a0suite \u00e0 une perte de poids, \u00e0 l\u2019\u00e2ge ou apr\u00e8s des grossesses.<\/li>\n<li class=\"ds-markdown-paragraph\">Les patients souhaitant att\u00e9nuer ou supprimer la\u00a0<strong>culotte de cheval<\/strong>.<\/li>\n<li class=\"ds-markdown-paragraph\">Toute personne en bonne sant\u00e9, non-fumeuse, d\u00e9sireuse d\u2019am\u00e9liorer l\u2019\u00e9quilibre de sa silhouette et d\u2019obtenir un\u00a0<strong>profil des fesses am\u00e9lior\u00e9<\/strong>.<\/li>\n<\/ul>\n<p>[\/vc_column_text]<a href='https:\/\/ines-co.com\/?page_id=21265' target='_self' title='Devis' class='dt-sc-button   medium icon-right with-icon  bordered  type2' data-delay='0' > demande de devis <\/a>[\/vc_column_inner][\/vc_row_inner][\/vc_column][\/vc_row][vc_row][vc_column width=&#8221;1\/4&#8243;]<div id=\"1745413299218-d0ed2dda-6256\" class=\"dt-sc-empty-space\"><\/div><div id=\"1745413299218-e7eec482-7d87\" class=\"dt-sc-empty-space\"><\/div><div id=\"1745413299218-d626b89d-5175\" class=\"dt-sc-empty-space\"><\/div>[\/vc_column][\/vc_row]<\/p>\n<\/div>","protected":false},"excerpt":{"rendered":"<p>[vc_row][vc_column width=&#8221;1\/4&#8243;][vc_custom_heading text=&#8221;Chirurgies du Corps&#8221; font_container=&#8221;tag:p|font_size:20|text_align:justify&#8221; use_theme_fonts=&#8221;yes&#8221; css=&#8221;&#8221;][\/vc_column][vc_column width=&#8221;3\/4&#8243;][vc_row_inner][vc_column_inner width=&#8221;1\/2&#8243; css=&#8221;.vc_custom_1744295121360{margin-left: 2px !important;}&#8221;][vc_column_text css=&#8221;&#8221;]La\u00a0chirurgie des fesses en Tunisie\u00a0regroupe un ensemble d\u2019interventions de chirurgie esth\u00e9tique du corps\u00a0visant \u00e0 remodeler, augmenter ou redessiner la silhouette fessi\u00e8re. Que vous souhaitiez corriger des\u00a0fesses plates, remonter des\u00a0fesses tombantes, \u00e9liminer la\u00a0culotte de cheval\u00a0ou simplement obtenir un\u00a0volume fessier\u00a0plus g\u00e9n\u00e9reux, INESCO Care vous [&hellip;]<\/p>\n","protected":false},"author":2,"featured_media":0,"parent":0,"menu_order":0,"comment_status":"closed","ping_status":"closed","template":"","meta":{"footnotes":""},"class_list":["post-21671","page","type-page","status-publish","hentry"],"_links":{"self":[{"href":"https:\/\/ines-co.com\/index.php?rest_route=\/wp\/v2\/pages\/21671","targetHints":{"allow":["GET"]}}],"collection":[{"href":"https:\/\/ines-co.com\/index.php?rest_route=\/wp\/v2\/pages"}],"about":[{"href":"https:\/\/ines-co.com\/index.php?rest_route=\/wp\/v2\/types\/page"}],"author":[{"embeddable":true,"href":"https:\/\/ines-co.com\/index.php?rest_route=\/wp\/v2\/users\/2"}],"replies":[{"embeddable":true,"href":"https:\/\/ines-co.com\/index.php?rest_route=%2Fwp%2Fv2%2Fcomments&post=21671"}],"version-history":[{"count":6,"href":"https:\/\/ines-co.com\/index.php?rest_route=\/wp\/v2\/pages\/21671\/revisions"}],"predecessor-version":[{"id":22329,"href":"https:\/\/ines-co.com\/index.php?rest_route=\/wp\/v2\/pages\/21671\/revisions\/22329"}],"wp:attachment":[{"href":"https:\/\/ines-co.com\/index.php?rest_route=%2Fwp%2Fv2%2Fmedia&parent=21671"}],"curies":[{"name":"wp","href":"https:\/\/api.w.org\/{rel}","templated":true}]}}