{"id":21649,"date":"2025-04-23T12:31:30","date_gmt":"2025-04-23T12:31:30","guid":{"rendered":"https:\/\/ines-co.com\/?page_id=21649"},"modified":"2026-04-07T13:43:54","modified_gmt":"2026-04-07T13:43:54","slug":"liposuccion","status":"publish","type":"page","link":"https:\/\/ines-co.com\/?page_id=21649","title":{"rendered":"Liposuccion"},"content":{"rendered":"<div class=\"wpb-content-wrapper\"><p>[vc_row][vc_column width=&#8221;1\/4&#8243;]<div id=\"1744293887292-61febcd9-ef9a\" class=\"dt-sc-empty-space\"><\/div><div id=\"1744293867661-3150727c-8fa9\" class=\"dt-sc-empty-space\"><\/div><div id=\"1744294995996-4d7f99ee-99d6\" class=\"dt-sc-empty-space\"><\/div>[vc_custom_heading text=&#8221;Chirurgies du Corps&#8221; font_container=&#8221;tag:p|font_size:20|text_align:justify&#8221; use_theme_fonts=&#8221;yes&#8221; css=&#8221;&#8221;]<div id=\"1744295011070-67885103-b5c8\" class=\"dt-sc-empty-space\"><\/div><div id=\"dt-1744295003964-710f20a8-0be7\" class=\"dt-custom-nav-wrapper none inline-vertical\" data-delay=\"0\" data-default-style = \"none\" data-hover-style = \"none\" data-default-decoration = \"overline\" data-hover-decoration = \"none\"><div class=\"menu-chirurgies-du-corps-container\"><ul id=\"menu-chirurgies-du-corps\" class=\"custom-sub-nav dt-custom-nav\"><li id=\"menu-item-21658\" class=\"menu-item menu-item-type-post_type menu-item-object-page menu-item-21658\"><a href=\"https:\/\/ines-co.com\/?page_id=21649\" class=\"item-has-icon icon-position-left\"><i class=\"menu-item-icon\"><\/i><span>Liposuccion<\/span><\/a><\/li>\n<li id=\"menu-item-21662\" class=\"menu-item menu-item-type-post_type menu-item-object-page menu-item-21662\"><a href=\"https:\/\/ines-co.com\/?page_id=21660\" class=\"item-has-icon icon-position-left\"><i class=\"menu-item-icon\"><\/i><span>Lifting<\/span><\/a><\/li>\n<li id=\"menu-item-21673\" class=\"menu-item menu-item-type-post_type menu-item-object-page menu-item-21673\"><a href=\"https:\/\/ines-co.com\/?page_id=21671\" class=\"item-has-icon icon-position-left\"><i class=\"menu-item-icon\"><\/i><span>La chirurgie des fesses<\/span><\/a><\/li>\n<li id=\"menu-item-21677\" class=\"menu-item menu-item-type-post_type menu-item-object-page menu-item-21677\"><a href=\"https:\/\/ines-co.com\/?page_id=21675\" class=\"item-has-icon icon-position-left\"><i class=\"menu-item-icon\"><\/i><span>Abdominoplastie<\/span><\/a><\/li>\n<\/ul><\/div><\/div>[\/vc_column][vc_column width=&#8221;3\/4&#8243;][vc_row_inner][vc_column_inner width=&#8221;1\/2&#8243; css=&#8221;.vc_custom_1744295121360{margin-left: 2px !important;}&#8221;]<div id=\"1744292906275-33a265b0-3851\" class=\"dt-sc-empty-space\"><\/div>[vc_column_text css=&#8221;&#8221;]<\/p>\n<p class=\"ds-markdown-paragraph\">La\u00a0<strong>liposuccion en Tunisie<\/strong>, \u00e9galement appel\u00e9e\u00a0<strong>lipoaspiration<\/strong>, est une\u00a0<strong>intervention de chirurgie esth\u00e9tique du corps<\/strong>\u00a0visant \u00e0 retirer les\u00a0<strong>exc\u00e8s graisseux localis\u00e9s<\/strong>\u00a0qui r\u00e9sistent au r\u00e9gime et \u00e0 l\u2019exercice physique. Chez INESCO Care, nous proposons une\u00a0<strong>liposuccion esth\u00e9tique<\/strong>\u00a0pour\u00a0<strong>affiner la silhouette<\/strong>,\u00a0<strong>remodeler les contours corporels<\/strong>\u00a0et\u00a0<strong>harmoniser les proportions<\/strong>\u00a0gr\u00e2ce \u00e0 des\u00a0<strong>techniques modernes et peu invasives<\/strong>. Que ce soit pour le\u00a0<strong>ventre<\/strong>, les\u00a0<strong>cuisses<\/strong>, les\u00a0<strong>hanches<\/strong>, les\u00a0<strong>bras<\/strong>, le\u00a0<strong>double menton<\/strong>\u00a0ou les\u00a0<strong>fesses<\/strong>, nos\u00a0<strong>chirurgiens plasticiens sp\u00e9cialis\u00e9s<\/strong>\u00a0vous accompagnent vers une\u00a0<strong>silhouette plus ferme et \u00e9quilibr\u00e9e<\/strong>.<\/p>\n<p class=\"ds-markdown-paragraph\">Nous combinons parfois la\u00a0<strong>liposuccion avec une abdominoplastie<\/strong>\u00a0ou un\u00a0<strong>lifting<\/strong>\u00a0pour des r\u00e9sultats optimaux apr\u00e8s une grossesse ou une perte de poids importante.<\/p>\n<p>[\/vc_column_text][vc_column_text css=&#8221;&#8221;]<\/p>\n<h4>Qu\u2019est-ce que la liposuccion ?<\/h4>\n<p>[\/vc_column_text][vc_column_text css=&#8221;&#8221;]<\/p>\n<p class=\"ds-markdown-paragraph\">La\u00a0<strong>liposuccion<\/strong>\u00a0est une\u00a0<strong>technique chirurgicale<\/strong>\u00a0qui permet de :<\/p>\n<ul>\n<li class=\"ds-markdown-paragraph\"><strong>Retirer les amas graisseux localis\u00e9s<\/strong>\u00a0(lipom\u00e9rie) r\u00e9sistants aux r\u00e9gimes<\/li>\n<li class=\"ds-markdown-paragraph\"><strong>Affiner et redessiner la silhouette<\/strong>\u00a0sans perte de poids globale<\/li>\n<li class=\"ds-markdown-paragraph\"><strong>Traiter quasiment toutes les zones du corps<\/strong>\u00a0:\u00a0<strong>ventre<\/strong>,\u00a0<strong>cuisses<\/strong>,\u00a0<strong>hanches<\/strong>,\u00a0<strong>bras<\/strong>,\u00a0<strong>genoux<\/strong>,\u00a0<strong>double menton<\/strong>,\u00a0<strong>fesses<\/strong>,\u00a0<strong>culotte de cheval<\/strong>,\u00a0<strong>bajoues<\/strong><\/li>\n<li class=\"ds-markdown-paragraph\"><strong>Am\u00e9liorer l\u2019harmonie corporelle<\/strong>\u00a0en ciblant les zones disproportionn\u00e9es<\/li>\n<li class=\"ds-markdown-paragraph\">Elle n\u2019est pas destin\u00e9e \u00e0 la perte de poids, mais au\u00a0<strong>remodelage corporel<\/strong>.<\/li>\n<\/ul>\n<p>[\/vc_column_text][vc_column_text css=&#8221;&#8221;]<\/p>\n<h4>\u00c0 qui s\u2019adresse cette chirurgie ?<\/h4>\n<p>[\/vc_column_text][vc_column_text css=&#8221;&#8221;]<\/p>\n<p class=\"ds-markdown-paragraph\">La\u00a0<strong>liposuccion<\/strong>\u00a0est recommand\u00e9e pour :<\/p>\n<ul>\n<li class=\"ds-markdown-paragraph\">Les personnes pr\u00e9sentant des\u00a0<strong>amas graisseux localis\u00e9s<\/strong>\u00a0r\u00e9sistants au sport et aux r\u00e9gimes<\/li>\n<li class=\"ds-markdown-paragraph\">Celles souhaitant\u00a0<strong>affiner une zone sp\u00e9cifique<\/strong>\u00a0(ventre, cuisses, hanches, etc.)<\/li>\n<li class=\"ds-markdown-paragraph\">Les patients ayant une\u00a0<strong>silhouette disproportionn\u00e9e<\/strong>\u00a0avec des zones rebelles<\/li>\n<li class=\"ds-markdown-paragraph\">Les femmes apr\u00e8s une\u00a0<strong>grossesse<\/strong>\u00a0souhaitant retrouver leur silhouette (\u00e9ventuellement avec\u00a0<strong>abdominoplastie<\/strong>)<\/li>\n<li class=\"ds-markdown-paragraph\">Toute personne d\u00e9sireuse d\u2019un\u00a0<strong>corps plus harmonieux<\/strong>\u00a0sans perte de poids significative<\/li>\n<\/ul>\n<p>[\/vc_column_text][\/vc_column_inner][vc_column_inner width=&#8221;1\/2&#8243;]<div id=\"1744292901684-134d992c-3b1f\" class=\"dt-sc-empty-space\"><\/div>[vc_single_image image=&#8221;22105&#8243; img_size=&#8221;full&#8221; css=&#8221;&#8221; el_class=&#8221;custom-img-border&#8221;][vc_column_text css=&#8221;&#8221;]<\/p>\n<h4>Zones trait\u00e9es par la liposuccion :<\/h4>\n<p>[\/vc_column_text][vc_column_text css=&#8221;&#8221;]<\/p>\n<h5><strong>Ventre :<\/strong><\/h5>\n<p class=\"ds-markdown-paragraph\">R\u00e9duction du\u00a0<strong>petit ventre rond<\/strong>\u00a0et des\u00a0<strong>poignets d\u2019amour<\/strong>. Peut \u00eatre associ\u00e9e \u00e0 une\u00a0<strong>abdominoplastie<\/strong>\u00a0en cas de peau distendue.<\/p>\n<h5><strong>Cuisses :<\/strong><\/h5>\n<p class=\"ds-markdown-paragraph\">Affinement de la\u00a0<strong>face interne<\/strong>,\u00a0<strong>externe (culotte de cheval)<\/strong>\u00a0et\u00a0<strong>ant\u00e9rieure<\/strong>. Parfois combin\u00e9e \u00e0 un\u00a0<strong>lifting des cuisses<\/strong>.<\/p>\n<h5><strong>Hanches :<\/strong><\/h5>\n<p class=\"ds-markdown-paragraph\">All\u00e8gement des\u00a0<strong>formes trop d\u00e9velopp\u00e9es<\/strong>, souvent associ\u00e9 \u00e0 la\u00a0<strong>liposuccion de la culotte de cheval<\/strong>.<\/p>\n<h5><strong>Bras :<\/strong><\/h5>\n<p class=\"ds-markdown-paragraph\">R\u00e9duction de la\u00a0<strong>graisse localis\u00e9e<\/strong>\u00a0au niveau des bras, notamment apr\u00e8s la m\u00e9nopause.<\/p>\n<h5><strong>Double menton &amp; Bajoues :<\/strong><\/h5>\n<p class=\"ds-markdown-paragraph\">Affinement du\u00a0<strong>contour du visage<\/strong>\u00a0et du\u00a0<strong>cou<\/strong>.<\/p>\n<h5><strong>Fesses :<\/strong><\/h5>\n<p class=\"ds-markdown-paragraph\">Redessin des\u00a0<strong>fesses tombantes<\/strong>\u00a0et am\u00e9lioration de la\u00a0<strong>courbure fessi\u00e8re<\/strong>.<\/p>\n<h5><strong>Genoux :<\/strong><\/h5>\n<p class=\"ds-markdown-paragraph\">R\u00e9duction de la\u00a0<strong>graisse interne et sup\u00e9rieure des genoux<\/strong>\u00a0pour des jambes plus harmonieuses.<\/p>\n<p>[\/vc_column_text][\/vc_column_inner][\/vc_row_inner][\/vc_column][\/vc_row][vc_row][vc_column width=&#8221;1\/4&#8243;]<div id=\"1745412885185-29ae6e9b-1fa4\" class=\"dt-sc-empty-space\"><\/div><div id=\"1745412885185-7cf93865-020a\" class=\"dt-sc-empty-space\"><\/div><div id=\"1745412885185-1e07ee0f-1fb9\" class=\"dt-sc-empty-space\"><\/div>[\/vc_column][vc_column width=&#8221;3\/4&#8243;][vc_row_inner][vc_column_inner width=&#8221;1\/2&#8243; css=&#8221;.vc_custom_1744295121360{margin-left: 2px !important;}&#8221;]<div id=\"1745412885187-2b5903bb-6cbf\" class=\"dt-sc-empty-space\"><\/div>[vc_toggle title=&#8221;Liposuccion Du Ventre&#8221; css=&#8221;&#8221;]La liposuccion abdominale traite un petit ventre rond avec un amas graisseux et une peau de bonne qualit\u00e9 (densit\u00e9 et fermet\u00e9). L&#8217;intervention a pour principe de pratiquer des incisions quasi invisibles de l&#8217;ordre de quelques millim\u00e8tres au niveau des plis du pubis et de l\u2019ombilic. Lorsque la peau du ventre est trop distendue, ou si elle risque de l&#8217;\u00eatre suite \u00e0 l&#8217;aspiration d&#8217;un volume important de graisse, la liposuccion du ventre n\u00e9cessite d\u2019\u00eatre associ\u00e9e \u00e0 un lifting du ventre, appel\u00e9 Abdominoplastie[\/vc_toggle][vc_toggle title=&#8221;Liposuccion Des Genoux&#8221; css=&#8221;&#8221;]La surcharge de graisse au niveau des genoux engendre un aspect peu harmonieux et lourd des jambes. La liposuccion des genoux a pour effet de r\u00e9duire la face interne et sup\u00e9rieure des genoux. Elle s\u2019\u00e9tend tr\u00e8s souvent au-dessus et parfois au-dessous de la rotule.[\/vc_toggle][vc_single_image image=&#8221;21653&#8243; img_size=&#8221;full&#8221; css=&#8221;&#8221; el_class=&#8221;custom-img-border&#8221;][vc_toggle title=&#8221;Liposuccion Des Fesses&#8221; css=&#8221;&#8221;]La lipoaspiration des fesses permet de redessiner des fesses dites \u00ab tombantes \u00bb et de retravailler la courbure du rebondi du fessier en modifiant les proportions et en ajustant les plis des fesses.[\/vc_toggle][vc_toggle title=&#8221;Liposuccion de la Culotte De Cheval&#8221; css=&#8221;&#8221;]La culotte de cheval se d\u00e9finit par l\u2019apparence d\u2019un amas de graisse dense localis\u00e9e, form\u00e9 sur la partie externe des cuisses. La liposuccion de la culotte de cheval est souvent associ\u00e9e \u00e0 la lipoaspiration de la face interne des cuisses et parfois des hanches[\/vc_toggle][\/vc_column_inner][vc_column_inner width=&#8221;1\/2&#8243;][vc_single_image image=&#8221;21652&#8243; img_size=&#8221;full&#8221; css=&#8221;&#8221; el_class=&#8221;custom-img-border&#8221;][vc_toggle title=&#8221;Liposuccion Des Cuisses&#8221; css=&#8221;&#8221;]La lipoaspiration des cuisses permet de traiter et r\u00e9duire la surcharge de graisse situ\u00e9e \u00e0 la face interne des cuisses et souvent \u00e0 la face externe : culotte de cheval et la face ant\u00e9rieure. Dans certains cas, lorsque la peau de l\u2019int\u00e9rieur des cuisses est excessivement dilat\u00e9e, la liposuccion des cuisses n\u00e9cessite d\u2019\u00eatre associ\u00e9e \u00e0 un lifting des cuisses.[\/vc_toggle][vc_toggle title=&#8221;Liposuccion Des Hanches&#8221; css=&#8221;&#8221;]La liposuccion des hanches consiste \u00e0 all\u00e9ger les formes trop d\u00e9velopp\u00e9es des hanches. Les hanches sont des zones faciles \u00e0 traiter en raison de la qualit\u00e9 de la peau des hanches. L\u2019intervention est assez rapide et les douleurs sont minimes. La liposuccion des hanches est parfois associ\u00e9e \u00e0 la lipoaspiration de la culotte de cheval.[\/vc_toggle][vc_single_image image=&#8221;21655&#8243; img_size=&#8221;full&#8221; css=&#8221;&#8221; el_class=&#8221;custom-img-border&#8221;][\/vc_column_inner][\/vc_row_inner][\/vc_column][\/vc_row][vc_row][vc_column width=&#8221;1\/4&#8243;]<div id=\"1745413299218-d0ed2dda-6256\" class=\"dt-sc-empty-space\"><\/div><div id=\"1745413299218-e7eec482-7d87\" class=\"dt-sc-empty-space\"><\/div><div id=\"1745413299218-d626b89d-5175\" class=\"dt-sc-empty-space\"><\/div>[\/vc_column][vc_column width=&#8221;3\/4&#8243;][vc_row_inner][vc_column_inner width=&#8221;1\/2&#8243; css=&#8221;.vc_custom_1744295121360{margin-left: 2px !important;}&#8221;]<div id=\"1745413299219-ea4fc4a7-e106\" class=\"dt-sc-empty-space\"><\/div><div id=\"1745413299219-09d77b2c-4561\" class=\"dt-sc-empty-space\"><\/div>[\/vc_column_inner][vc_column_inner width=&#8221;1\/2&#8243;]<a href='https:\/\/ines-co.com\/?page_id=21265' target='_self' title='Devis' class='dt-sc-button   medium icon-right with-icon  bordered  type2' data-delay='0' > demande de devis <\/a><div id=\"1745413299219-14eacabe-ae27\" class=\"dt-sc-empty-space\"><\/div>[\/vc_column_inner][\/vc_row_inner][\/vc_column][\/vc_row]<\/p>\n<\/div>","protected":false},"excerpt":{"rendered":"<p>[vc_row][vc_column width=&#8221;1\/4&#8243;][vc_custom_heading text=&#8221;Chirurgies du Corps&#8221; font_container=&#8221;tag:p|font_size:20|text_align:justify&#8221; use_theme_fonts=&#8221;yes&#8221; css=&#8221;&#8221;][\/vc_column][vc_column width=&#8221;3\/4&#8243;][vc_row_inner][vc_column_inner width=&#8221;1\/2&#8243; css=&#8221;.vc_custom_1744295121360{margin-left: 2px !important;}&#8221;][vc_column_text css=&#8221;&#8221;] La\u00a0liposuccion en Tunisie, \u00e9galement appel\u00e9e\u00a0lipoaspiration, est une\u00a0intervention de chirurgie esth\u00e9tique du corps\u00a0visant \u00e0 retirer les\u00a0exc\u00e8s graisseux localis\u00e9s\u00a0qui r\u00e9sistent au r\u00e9gime et \u00e0 l\u2019exercice physique. Chez INESCO Care, nous proposons une\u00a0liposuccion esth\u00e9tique\u00a0pour\u00a0affiner la silhouette,\u00a0remodeler les contours corporels\u00a0et\u00a0harmoniser les proportions\u00a0gr\u00e2ce \u00e0 des\u00a0techniques modernes [&hellip;]<\/p>\n","protected":false},"author":2,"featured_media":0,"parent":0,"menu_order":0,"comment_status":"closed","ping_status":"closed","template":"","meta":{"footnotes":""},"class_list":["post-21649","page","type-page","status-publish","hentry"],"_links":{"self":[{"href":"https:\/\/ines-co.com\/index.php?rest_route=\/wp\/v2\/pages\/21649","targetHints":{"allow":["GET"]}}],"collection":[{"href":"https:\/\/ines-co.com\/index.php?rest_route=\/wp\/v2\/pages"}],"about":[{"href":"https:\/\/ines-co.com\/index.php?rest_route=\/wp\/v2\/types\/page"}],"author":[{"embeddable":true,"href":"https:\/\/ines-co.com\/index.php?rest_route=\/wp\/v2\/users\/2"}],"replies":[{"embeddable":true,"href":"https:\/\/ines-co.com\/index.php?rest_route=%2Fwp%2Fv2%2Fcomments&post=21649"}],"version-history":[{"count":8,"href":"https:\/\/ines-co.com\/index.php?rest_route=\/wp\/v2\/pages\/21649\/revisions"}],"predecessor-version":[{"id":22331,"href":"https:\/\/ines-co.com\/index.php?rest_route=\/wp\/v2\/pages\/21649\/revisions\/22331"}],"wp:attachment":[{"href":"https:\/\/ines-co.com\/index.php?rest_route=%2Fwp%2Fv2%2Fmedia&parent=21649"}],"curies":[{"name":"wp","href":"https:\/\/api.w.org\/{rel}","templated":true}]}}