{"id":21368,"date":"2025-04-10T13:52:21","date_gmt":"2025-04-10T13:52:21","guid":{"rendered":"https:\/\/ines-co.com\/?page_id=21368"},"modified":"2026-04-07T13:34:05","modified_gmt":"2026-04-07T13:34:05","slug":"rhinoplastie","status":"publish","type":"page","link":"https:\/\/ines-co.com\/?page_id=21368","title":{"rendered":"Rhinoplastie"},"content":{"rendered":"<div class=\"wpb-content-wrapper\"><p>[vc_row][vc_column width=&#8221;1\/4&#8243;]<div id=\"1744293887292-61febcd9-ef9a\" class=\"dt-sc-empty-space\"><\/div>[vc_custom_heading text=&#8221;Rhinoplastie&#8221; font_container=&#8221;tag:p|font_size:20|text_align:justify&#8221; use_theme_fonts=&#8221;yes&#8221; css=&#8221;&#8221;]<div id=\"1744293867661-3150727c-8fa9\" class=\"dt-sc-empty-space\"><\/div><div id=\"dt-1744292773123-da36d48a-a34a\" class=\"dt-custom-nav-wrapper none inline-vertical\" data-delay=\"0\" data-default-style = \"none\" data-hover-style = \"none\" data-default-decoration = \"overline\" data-hover-decoration = \"none\"><div class=\"menu-rhinoplastie-container\"><ul id=\"menu-rhinoplastie\" class=\"custom-sub-nav dt-custom-nav\"><li id=\"menu-item-21430\" class=\"menu-item menu-item-type-post_type menu-item-object-page menu-item-21430\"><a href=\"https:\/\/ines-co.com\/?page_id=21425\" class=\"item-has-icon icon-position-left\"><i class=\"menu-item-icon\"><\/i><span>Rhinoplastie esth\u00e9tique<\/span><\/a><\/li>\n<li id=\"menu-item-21429\" class=\"menu-item menu-item-type-post_type menu-item-object-page menu-item-21429\"><a href=\"https:\/\/ines-co.com\/?page_id=21427\" class=\"item-has-icon icon-position-left\"><i class=\"menu-item-icon\"><\/i><span>Rhinoplastie fonctionnelle<\/span><\/a><\/li>\n<li id=\"menu-item-21442\" class=\"menu-item menu-item-type-post_type menu-item-object-page menu-item-21442\"><a href=\"https:\/\/ines-co.com\/?page_id=21435\" class=\"item-has-icon icon-position-left\"><i class=\"menu-item-icon\"><\/i><span>Rhinoplastie + S\u00e9ptoplastie<\/span><\/a><\/li>\n<li id=\"menu-item-21441\" class=\"menu-item menu-item-type-post_type menu-item-object-page menu-item-21441\"><a href=\"https:\/\/ines-co.com\/?page_id=21437\" class=\"item-has-icon icon-position-left\"><i class=\"menu-item-icon\"><\/i><span>Rhinoplastie ethnique<\/span><\/a><\/li>\n<\/ul><\/div><\/div><div id=\"1744294995996-4d7f99ee-99d6\" class=\"dt-sc-empty-space\"><\/div>[vc_custom_heading text=&#8221;Chirurgies visage&#8221; font_container=&#8221;tag:p|font_size:20|text_align:justify&#8221; use_theme_fonts=&#8221;yes&#8221; css=&#8221;&#8221;]<div id=\"1744295011070-67885103-b5c8\" class=\"dt-sc-empty-space\"><\/div><div id=\"dt-1744295003964-710f20a8-0be7\" class=\"dt-custom-nav-wrapper none inline-vertical\" data-delay=\"0\" data-default-style = \"none\" data-hover-style = \"none\" data-default-decoration = \"overline\" data-hover-decoration = \"none\"><div class=\"menu-visage-container\"><ul id=\"menu-visage\" class=\"custom-sub-nav dt-custom-nav\"><li id=\"menu-item-21412\" class=\"menu-item menu-item-type-post_type menu-item-object-page menu-item-21412\"><a href=\"https:\/\/ines-co.com\/?page_id=21395\" class=\"item-has-icon icon-position-left\"><i class=\"menu-item-icon\"><\/i><span>Bl\u00e9pharoplastie<\/span><\/a><\/li>\n<li id=\"menu-item-21370\" class=\"menu-item menu-item-type-post_type menu-item-object-page menu-item-21370\"><a href=\"https:\/\/ines-co.com\/?page_id=21368\" class=\"item-has-icon icon-position-left\"><i class=\"menu-item-icon\"><\/i><span>Rhinoplastie<\/span><\/a><\/li>\n<li id=\"menu-item-21501\" class=\"menu-item menu-item-type-post_type menu-item-object-page menu-item-21501\"><a href=\"https:\/\/ines-co.com\/?page_id=21485\" class=\"item-has-icon icon-position-left\"><i class=\"menu-item-icon\"><\/i><span>G\u00e9nioplastie<\/span><\/a><\/li>\n<li id=\"menu-item-21502\" class=\"menu-item menu-item-type-post_type menu-item-object-page menu-item-21502\"><a href=\"https:\/\/ines-co.com\/?page_id=21397\" class=\"item-has-icon icon-position-left\"><i class=\"menu-item-icon\"><\/i><span>Redrapage du visage<\/span><\/a><\/li>\n<li id=\"menu-item-21505\" class=\"menu-item menu-item-type-post_type menu-item-object-page menu-item-21505\"><a href=\"https:\/\/ines-co.com\/?page_id=21503\" class=\"item-has-icon icon-position-left\"><i class=\"menu-item-icon\"><\/i><span>Chirurgie des oreilles d\u00e9coll\u00e9es<\/span><\/a><\/li>\n<li id=\"menu-item-21567\" class=\"menu-item menu-item-type-post_type menu-item-object-page menu-item-21567\"><a href=\"https:\/\/ines-co.com\/?page_id=21517\" class=\"item-has-icon icon-position-left\"><i class=\"menu-item-icon\"><\/i><span>Chirurgie Boule de Bichat<\/span><\/a><\/li>\n<\/ul><\/div><\/div>[\/vc_column][vc_column width=&#8221;3\/4&#8243;][vc_row_inner][vc_column_inner width=&#8221;1\/2&#8243; css=&#8221;.vc_custom_1744295121360{margin-left: 2px !important;}&#8221;]<div id=\"1744292906275-33a265b0-3851\" class=\"dt-sc-empty-space\"><\/div>[vc_column_text css=&#8221;&#8221;]La\u00a0<strong>rhinoplastie en Tunisie<\/strong>\u00a0est une\u00a0<strong>chirurgie esth\u00e9tique du nez<\/strong>\u00a0visant \u00e0 remodeler et harmoniser la forme du nez tout en am\u00e9liorant la respiration. Chez INESCO Care, nous proposons des interventions de\u00a0<strong>rhinoplastie esth\u00e9tique et fonctionnelle<\/strong>, incluant la\u00a0<strong>septoplastie<\/strong>\u00a0pour corriger une\u00a0<strong>d\u00e9viation de la cloison nasale<\/strong>\u00a0et\u00a0<strong>am\u00e9liorer la respiration<\/strong>. Que ce soit pour\u00a0<strong>redresser un nez bossu<\/strong>,\u00a0<strong>r\u00e9duire la taille du nez<\/strong>, ou\u00a0<strong>corriger la pointe du nez<\/strong>, notre\u00a0<strong>chirurgien esth\u00e9tique qualifi\u00e9<\/strong>\u00a0garantit une\u00a0<strong>intervention personnalis\u00e9e<\/strong>\u00a0avec des\u00a0<strong>r\u00e9sultats naturels<\/strong>\u00a0et une\u00a0<strong>chirurgie s\u00e9curis\u00e9e<\/strong>.[\/vc_column_text]<div id=\"1744284640139-6fd5764f-ac25\" class=\"dt-sc-empty-space\"><\/div>[vc_column_text css=&#8221;&#8221;]<\/p>\n<h4>Qu\u2019est-ce que la rhinoplastie ?<\/h4>\n<p>[\/vc_column_text][vc_column_text css=&#8221;&#8221;]<\/p>\n<p class=\"ds-markdown-paragraph\">La\u00a0<strong>rhinoplastie<\/strong>\u00a0est une\u00a0<strong>chirurgie de remodelage du nez<\/strong>\u00a0qui permet de :<\/p>\n<ul>\n<li class=\"ds-markdown-paragraph\"><strong>Corriger la forme du nez<\/strong>\u00a0(taille, largeur, pointe, bosse)<\/li>\n<li class=\"ds-markdown-paragraph\"><strong>Am\u00e9liorer l\u2019apparence du nez<\/strong>\u00a0pour un visage plus harmonieux<\/li>\n<li class=\"ds-markdown-paragraph\"><strong>Redresser un nez d\u00e9vi\u00e9<\/strong>\u00a0suite \u00e0 un accident ou une malformation<\/li>\n<li class=\"ds-markdown-paragraph\"><strong>Am\u00e9liorer la respiration<\/strong>\u00a0en associant une\u00a0<strong>septoplastie<\/strong><\/li>\n<li class=\"ds-markdown-paragraph\"><strong>Traiter les probl\u00e8mes respiratoires<\/strong>\u00a0li\u00e9s \u00e0 la structure nasale<\/li>\n<\/ul>\n<p class=\"ds-markdown-paragraph\">Elle peut \u00eatre\u00a0<strong>esth\u00e9tique<\/strong>,\u00a0<strong>fonctionnelle<\/strong>, ou les deux combin\u00e9es.<\/p>\n<p>[\/vc_column_text][vc_column_text css=&#8221;&#8221;]<\/p>\n<h4>\u00c0 qui s\u2019adresse la rhinoplastie ?<\/h4>\n<p>[\/vc_column_text][vc_column_text css=&#8221;&#8221;]<\/p>\n<p class=\"ds-markdown-paragraph\">La\u00a0<strong>chirurgie du nez en Tunisie<\/strong>\u00a0est recommand\u00e9e pour :<\/p>\n<ul>\n<li class=\"ds-markdown-paragraph\">Les personnes souhaitant\u00a0<strong>corriger la forme du nez<\/strong>\u00a0(nez trop large, bossu, pointe tombante)<\/li>\n<li class=\"ds-markdown-paragraph\">Celles pr\u00e9sentant une\u00a0<strong>d\u00e9viation de la cloison nasale<\/strong>\u00a0avec g\u00eane respiratoire<\/li>\n<li class=\"ds-markdown-paragraph\">Les patients ayant subi un\u00a0<strong>accident nasal<\/strong>\u00a0et souhaitant une r\u00e9paration<\/li>\n<li class=\"ds-markdown-paragraph\">Toute personne \u00e2g\u00e9e de\u00a0<strong>plus de 17-18 ans<\/strong>\u00a0(fin de la croissance nasale)<\/li>\n<\/ul>\n<p>[\/vc_column_text]<a href='https:\/\/ines-co.com\/?page_id=21265' target='_self' title='Devis' class='dt-sc-button   medium icon-right with-icon  bordered  type2' data-delay='0' > demande de devis <\/a>[\/vc_column_inner][vc_column_inner width=&#8221;1\/2&#8243;]<div id=\"1744292901684-134d992c-3b1f\" class=\"dt-sc-empty-space\"><\/div>[vc_single_image image=&#8221;22115&#8243; img_size=&#8221;full&#8221; css=&#8221;&#8221; el_class=&#8221;custom-img-border&#8221;][vc_column_text css=&#8221;&#8221;]<\/p>\n<h4>Types de rhinoplastie propos\u00e9s :<\/h4>\n<p>[\/vc_column_text][vc_column_text css=&#8221;&#8221;]<\/p>\n<h5><strong>Rhinoplastie esth\u00e9tique :<\/strong><\/h5>\n<p class=\"ds-markdown-paragraph\">Remodelage de la forme du nez pour un r\u00e9sultat naturel et \u00e9quilibr\u00e9.<\/p>\n<h5><strong>Rhinoplastie fonctionnelle :<\/strong><\/h5>\n<p class=\"ds-markdown-paragraph\">Correction des probl\u00e8mes respiratoires par\u00a0<strong>septoplastie<\/strong>\u00a0et remodelage des structures internes.<\/p>\n<h5><strong>Rhinoplastie ouverte :<\/strong><\/h5>\n<p class=\"ds-markdown-paragraph\">Incision entre les narines pour une visualisation compl\u00e8te de la structure nasale.<\/p>\n<h5><strong>Rhinoplastie ferm\u00e9e :<\/strong><\/h5>\n<p class=\"ds-markdown-paragraph\">Incisions \u00e0 l\u2019int\u00e9rieur du nez, sans cicatrice visible.<\/p>\n<h5><strong>Rhinoplastie ethnique :<\/strong><\/h5>\n<p class=\"ds-markdown-paragraph\">Adaptation aux caract\u00e9ristiques morphologiques sp\u00e9cifiques.<\/p>\n<p class=\"ds-markdown-paragraph\">Chaque technique est choisie selon vos besoins morphologiques et fonctionnels.<\/p>\n<p>[\/vc_column_text][vc_column_text css=&#8221;&#8221;]<\/p>\n<h4>Comment se passe la p\u00e9riode de r\u00e9cup\u00e9ration ?<\/h4>\n<p>[\/vc_column_text][vc_column_text css=&#8221;&#8221;]La p\u00e9riode postop\u00e9ratoire d\u00e9bute par une hospitalisation obligatoire de 24 heures. Apr\u00e8s cela, le patient peut poursuivre sa convalescence \u00e0 domicile, en suivant strictement les instructions du chirurgien esth\u00e9tique, en revenant p\u00e9riodiquement pour tous les contr\u00f4les pr\u00e9vus.[\/vc_column_text][\/vc_column_inner][\/vc_row_inner][\/vc_column][\/vc_row]<\/p>\n<\/div>","protected":false},"excerpt":{"rendered":"<p>[vc_row][vc_column width=&#8221;1\/4&#8243;][vc_custom_heading text=&#8221;Rhinoplastie&#8221; font_container=&#8221;tag:p|font_size:20|text_align:justify&#8221; use_theme_fonts=&#8221;yes&#8221; css=&#8221;&#8221;][vc_custom_heading text=&#8221;Chirurgies visage&#8221; font_container=&#8221;tag:p|font_size:20|text_align:justify&#8221; use_theme_fonts=&#8221;yes&#8221; css=&#8221;&#8221;][\/vc_column][vc_column width=&#8221;3\/4&#8243;][vc_row_inner][vc_column_inner width=&#8221;1\/2&#8243; css=&#8221;.vc_custom_1744295121360{margin-left: 2px !important;}&#8221;][vc_column_text css=&#8221;&#8221;]La\u00a0rhinoplastie en Tunisie\u00a0est une\u00a0chirurgie esth\u00e9tique du nez\u00a0visant \u00e0 remodeler et harmoniser la forme du nez tout en am\u00e9liorant la respiration. Chez INESCO Care, nous proposons des interventions de\u00a0rhinoplastie esth\u00e9tique et fonctionnelle, incluant la\u00a0septoplastie\u00a0pour corriger une\u00a0d\u00e9viation de la cloison nasale\u00a0et\u00a0am\u00e9liorer [&hellip;]<\/p>\n","protected":false},"author":2,"featured_media":0,"parent":0,"menu_order":0,"comment_status":"closed","ping_status":"closed","template":"","meta":{"footnotes":""},"class_list":["post-21368","page","type-page","status-publish","hentry"],"_links":{"self":[{"href":"https:\/\/ines-co.com\/index.php?rest_route=\/wp\/v2\/pages\/21368","targetHints":{"allow":["GET"]}}],"collection":[{"href":"https:\/\/ines-co.com\/index.php?rest_route=\/wp\/v2\/pages"}],"about":[{"href":"https:\/\/ines-co.com\/index.php?rest_route=\/wp\/v2\/types\/page"}],"author":[{"embeddable":true,"href":"https:\/\/ines-co.com\/index.php?rest_route=\/wp\/v2\/users\/2"}],"replies":[{"embeddable":true,"href":"https:\/\/ines-co.com\/index.php?rest_route=%2Fwp%2Fv2%2Fcomments&post=21368"}],"version-history":[{"count":20,"href":"https:\/\/ines-co.com\/index.php?rest_route=\/wp\/v2\/pages\/21368\/revisions"}],"predecessor-version":[{"id":22312,"href":"https:\/\/ines-co.com\/index.php?rest_route=\/wp\/v2\/pages\/21368\/revisions\/22312"}],"wp:attachment":[{"href":"https:\/\/ines-co.com\/index.php?rest_route=%2Fwp%2Fv2%2Fmedia&parent=21368"}],"curies":[{"name":"wp","href":"https:\/\/api.w.org\/{rel}","templated":true}]}}